Last updated on 2024-08-16 01:48:25 CEST.
Flavor | Version | Tinstall | Tcheck | Ttotal | Status | Flags |
---|---|---|---|---|---|---|
r-devel-linux-x86_64-debian-clang | 0.6.0 | 86.95 | 203.37 | 290.32 | OK | |
r-devel-linux-x86_64-debian-gcc | 0.6.0 | 54.83 | 136.06 | 190.89 | OK | |
r-devel-linux-x86_64-fedora-clang | 0.6.0 | 469.55 | OK | |||
r-devel-linux-x86_64-fedora-gcc | 0.6.0 | 435.82 | OK | |||
r-devel-windows-x86_64 | 0.6.0 | 85.00 | 327.00 | 412.00 | OK | |
r-patched-linux-x86_64 | 0.6.0 | 106.63 | 190.22 | 296.85 | OK | |
r-release-linux-x86_64 | 0.6.0 | 88.49 | 193.49 | 281.98 | OK | |
r-release-macos-arm64 | 0.6.0 | 109.00 | OK | |||
r-release-macos-x86_64 | 0.6.0 | 168.00 | OK | |||
r-release-windows-x86_64 | 0.6.0 | 86.00 | 320.00 | 406.00 | OK | |
r-oldrel-macos-arm64 | 0.6.0 | 108.00 | OK | |||
r-oldrel-macos-x86_64 | 0.6.0 | 231.00 | NOTE | |||
r-oldrel-windows-x86_64 | 0.6.0 | 110.00 | 356.00 | 466.00 | OK |
Version: 0.6.0
Check: installed package size
Result: NOTE
installed size is 5.4Mb
sub-directories of 1Mb or more:
R 2.0Mb
help 3.2Mb
Flavor: r-oldrel-macos-x86_64