Last updated on 2025-11-11 02:50:48 CET.
| Flavor | Version | Tinstall | Tcheck | Ttotal | Status | Flags |
|---|---|---|---|---|---|---|
| r-devel-linux-x86_64-debian-clang | 2.7-12 | 88.27 | 354.53 | 442.80 | OK | |
| r-devel-linux-x86_64-debian-gcc | 2.7-12 | 59.75 | 239.97 | 299.72 | OK | |
| r-devel-linux-x86_64-fedora-clang | 2.7-12 | 124.00 | 569.97 | 693.97 | OK | |
| r-devel-linux-x86_64-fedora-gcc | 2.7-12 | 132.00 | 536.37 | 668.37 | OK | |
| r-devel-windows-x86_64 | 2.7-12 | 103.00 | 406.00 | 509.00 | OK | |
| r-patched-linux-x86_64 | 2.7-12 | 94.25 | 333.99 | 428.24 | OK | |
| r-release-linux-x86_64 | 2.7-12 | 89.25 | 336.68 | 425.93 | OK | |
| r-release-macos-arm64 | 2.7-12 | 33.00 | 185.00 | 218.00 | OK | |
| r-release-macos-x86_64 | 2.7-12 | 45.00 | 318.00 | 363.00 | OK | |
| r-release-windows-x86_64 | 2.7-12 | 100.00 | 376.00 | 476.00 | OK | |
| r-oldrel-macos-arm64 | 2.7-12 | 32.00 | 147.00 | 179.00 | NOTE | |
| r-oldrel-macos-x86_64 | 2.7-12 | 44.00 | 276.00 | 320.00 | NOTE | |
| r-oldrel-windows-x86_64 | 2.7-12 | 129.00 | 491.00 | 620.00 | NOTE |
Version: 2.7-12
Check: installed package size
Result: NOTE
installed size is 11.4Mb
sub-directories of 1Mb or more:
data 2.1Mb
libs 6.6Mb
Flavors: r-oldrel-macos-arm64, r-oldrel-macos-x86_64, r-oldrel-windows-x86_64