Last updated on 2025-02-10 02:50:00 CET.
Flavor | Version | Tinstall | Tcheck | Ttotal | Status | Flags |
---|---|---|---|---|---|---|
r-devel-linux-x86_64-debian-clang | 2.4.4 | 33.44 | 251.48 | 284.92 | NOTE | |
r-devel-linux-x86_64-debian-gcc | 2.4.4 | 20.63 | 160.58 | 181.21 | NOTE | |
r-devel-linux-x86_64-fedora-clang | 2.4.4 | 463.11 | OK | |||
r-devel-linux-x86_64-fedora-gcc | 2.4.4 | 423.13 | OK | |||
r-devel-windows-x86_64 | 2.4.4 | 28.00 | 200.00 | 228.00 | NOTE | |
r-patched-linux-x86_64 | 2.4.4 | 36.16 | 236.57 | 272.73 | OK | |
r-release-linux-x86_64 | 2.4.4 | 31.15 | 231.88 | 263.03 | OK | |
r-release-macos-arm64 | 2.4.4 | 88.00 | OK | |||
r-release-macos-x86_64 | 2.4.4 | 152.00 | OK | |||
r-release-windows-x86_64 | 2.4.4 | 30.00 | 209.00 | 239.00 | OK | |
r-oldrel-macos-arm64 | 2.4.4 | 92.00 | OK | |||
r-oldrel-macos-x86_64 | 2.4.4 | 195.00 | OK | |||
r-oldrel-windows-x86_64 | 2.4.4 | 39.00 | 271.00 | 310.00 | OK |
Version: 2.4.4
Check: Rd cross-references
Result: NOTE
Found the following Rd file(s) with Rd \link{} targets missing package
anchors:
PhenoBP.Rd: breakpoints
Please provide package anchors for all Rd \link{} targets not in the
package itself and the base packages.
Flavors: r-devel-linux-x86_64-debian-clang, r-devel-linux-x86_64-debian-gcc, r-devel-windows-x86_64