Last updated on 2024-08-16 01:48:26 CEST.
Flavor | Version | Tinstall | Tcheck | Ttotal | Status | Flags |
---|---|---|---|---|---|---|
r-devel-linux-x86_64-debian-clang | 0.1.1 | 25.40 | 216.68 | 242.08 | OK | |
r-devel-linux-x86_64-debian-gcc | 0.1.1 | 17.77 | 149.24 | 167.01 | OK | |
r-devel-linux-x86_64-fedora-clang | 0.1.1 | 383.45 | NOTE | |||
r-devel-linux-x86_64-fedora-gcc | 0.1.1 | 375.70 | OK | |||
r-devel-windows-x86_64 | 0.1.1 | 25.00 | 184.00 | 209.00 | OK | |
r-patched-linux-x86_64 | 0.1.1 | 23.48 | 202.12 | 225.60 | OK | |
r-release-linux-x86_64 | 0.1.1 | 23.00 | 203.97 | 226.97 | OK | |
r-release-macos-arm64 | 0.1.1 | 105.00 | OK | |||
r-release-macos-x86_64 | 0.1.1 | 158.00 | OK | |||
r-release-windows-x86_64 | 0.1.1 | 26.00 | 184.00 | 210.00 | OK | |
r-oldrel-macos-arm64 | 0.1.1 | 124.00 | OK | |||
r-oldrel-macos-x86_64 | 0.1.1 | 348.00 | OK | |||
r-oldrel-windows-x86_64 | 0.1.1 | 34.00 | 252.00 | 286.00 | OK |
Version: 0.1.1
Check: Rd cross-references
Result: NOTE
Undeclared package ‘network’ in Rd xrefs
Flavor: r-devel-linux-x86_64-fedora-clang