Last updated on 2024-08-16 01:48:26 CEST.
Flavor | Version | Tinstall | Tcheck | Ttotal | Status | Flags |
---|---|---|---|---|---|---|
r-devel-linux-x86_64-debian-clang | 2.1.0 | 10.24 | 271.22 | 281.46 | OK | |
r-devel-linux-x86_64-debian-gcc | 2.1.0 | 6.91 | 195.96 | 202.87 | OK | |
r-devel-linux-x86_64-fedora-clang | 2.1.0 | 451.57 | NOTE | |||
r-devel-linux-x86_64-fedora-gcc | 2.1.0 | 462.66 | OK | |||
r-devel-windows-x86_64 | 2.1.0 | 13.00 | 187.00 | 200.00 | ERROR | |
r-patched-linux-x86_64 | 2.1.0 | 9.80 | 263.50 | 273.30 | OK | |
r-release-linux-x86_64 | 2.1.0 | 9.26 | 259.99 | 269.25 | OK | |
r-release-macos-arm64 | 2.1.0 | 150.00 | OK | |||
r-release-macos-x86_64 | 2.1.0 | 233.00 | OK | |||
r-release-windows-x86_64 | 2.1.0 | 13.00 | 184.00 | 197.00 | ERROR | |
r-oldrel-macos-arm64 | 2.1.0 | 123.00 | ERROR | |||
r-oldrel-macos-x86_64 | 2.1.0 | 169.00 | ERROR | |||
r-oldrel-windows-x86_64 | 2.1.0 | 16.00 | 210.00 | 226.00 | ERROR |
Version: 2.1.0
Check: Rd cross-references
Result: NOTE
Undeclared package ‘usethis’ in Rd xrefs
Flavor: r-devel-linux-x86_64-fedora-clang
Version: 2.1.0
Check: tests
Result: ERROR
Running 'testthat.R' [91s]
Running the tests in 'tests/testthat.R' failed.
Complete output:
> library(testthat)
> library(pkgdown)
>
> test_check("pkgdown")
Starting 2 test processes
[ FAIL 1 | WARN 0 | SKIP 135 | PASS 679 ]
══ Skipped tests (135) ═════════════════════════════════════════════════════════
• On CRAN (125): 'test-build-reference.R:4:3', 'test-build-reference.R:105:3',
'test-build-articles.R:14:3', 'test-build-articles.R:29:3',
'test-build-articles.R:57:3', 'test-build-articles.R:79:3',
'test-build-favicons.R:4:3', 'test-build-favicons.R:16:3',
'test-build-footer.R:12:3', 'test-build-footer.R:68:3',
'test-build-github.R:5:3', 'test-build-home-authors.R:16:3',
'test-build-home-authors.R:29:3', 'test-build-home-authors.R:90:3',
'test-build-home-authors.R:96:3', 'test-build-home-authors.R:198:3',
'test-build-home-community.R:11:3', 'test-build-home-index.R:39:3',
'test-build-home-index.R:58:3', 'test-build-home-index.R:86:3',
'test-build-home-index.R:107:3', 'test-build-home-index.R:116:3',
'test-build-home-index.R:125:3', 'test-build-home-index.R:136:3',
'test-build-news.R:16:3', 'test-build-news.R:52:3',
'test-build-news.R:105:3', 'test-build-news.R:110:3',
'test-build-news.R:115:3', 'test-build-news.R:188:3',
'test-build-news.R:207:3', 'test-build-news.R:221:3',
'test-build-news.R:235:3', 'test-build-news.R:247:3',
'test-build-redirects.R:10:3', 'test-build-redirects.R:27:3',
'test-build-reference-index.R:10:3', 'test-build-reference-index.R:60:3',
'test-build-reference-index.R:74:3', 'test-build-reference-index.R:115:3',
'test-build-reference-index.R:128:3', 'test-build-search-docs.R:39:3',
'test-build-search-docs.R:47:3', 'test-check-built.R:7:3',
'test-check.R:9:3', 'test-check.R:20:3', 'test-check.R:31:3',
'test-check.R:40:3', 'test-check.R:51:3', 'test-check.R:68:3',
'test-config.R:11:3', 'test-config.R:16:3', 'test-config.R:35:3',
'test-development.R:54:3', 'test-build-article.R:47:3',
'test-build-article.R:110:3', 'test-build-article.R:118:3',
'test-build-article.R:169:3', 'test-build-article.R:175:3',
'test-build-article.R:204:3', 'test-build-article.R:223:3',
'test-build-article.R:229:3', 'test-build-article.R:276:3',
'test-build-article.R:283:3', 'test-external-deps.R:4:3',
'test-highlight.R:14:3', 'test-highlight.R:28:3', 'test-highlight.R:56:3',
'test-markdown.R:24:3', 'test-markdown.R:61:3', 'test-navbar-menu.R:10:3',
'test-navbar-menu.R:20:3', 'test-navbar-menu.R:28:3',
'test-navbar-menu.R:50:3', 'test-navbar-menu.R:80:3',
'test-navbar-menu.R:84:3', 'test-navbar.R:3:3', 'test-navbar.R:15:3',
'test-navbar.R:25:3', 'test-navbar.R:88:3', 'test-navbar.R:103:3',
'test-navbar.R:124:4', 'test-navbar.R:133:3', 'test-navbar.R:172:3',
'test-init.R:3:3', 'test-init.R:57:3', 'test-preview.R:4:3',
'test-package.R:2:3', 'test-package.R:21:3', 'test-package.R:27:3',
'test-package.R:92:3', 'test-rd-example.R:112:3', 'test-render.R:6:3',
'test-render.R:48:3', 'test-rd-html.R:7:3', 'test-rd-html.R:32:3',
'test-rd-html.R:36:3', 'test-rd-html.R:53:3', 'test-rd-html.R:293:3',
'test-rd-html.R:365:3', 'test-rd-html.R:373:3', 'test-rd-html.R:384:3',
'test-rd-html.R:394:3', 'test-repo.R:53:3', 'test-theme.R:5:3',
'test-theme.R:36:3', 'test-topics-external.R:2:3',
'test-topics-external.R:10:3', 'test-templates.R:121:3',
'test-templates.R:128:3', 'test-templates.R:175:4',
'test-tweak-homepage.R:38:3', 'test-tweak-homepage.R:59:3',
'test-tweak-homepage.R:71:3', 'test-tweak-tags.R:61:3',
'test-tweak-tags.R:177:3', 'test-tweak-tags.R:268:3', 'test-usage.R:24:3',
'test-utils-fs.R:2:3', 'test-utils-fs.R:9:3', 'test-topics.R:18:3',
'test-topics.R:35:3', 'test-topics.R:70:3', 'test-topics.R:157:3',
'test-topics.R:169:3'
• On Windows (10): 'test-build-quarto-articles.R:2:3',
'test-build-quarto-articles.R:15:3', 'test-build-quarto-articles.R:33:3',
'test-build-quarto-articles.R:48:3', 'test-build-quarto-articles.R:64:3',
'test-build-quarto-articles.R:76:3', 'test-build-quarto-articles.R:93:3',
'test-figure.R:3:3', 'test-tweak-tabset.R:2:3', 'test-tweak-tabset.R:26:3'
══ Failed tests ════════════════════════════════════════════════════════════════
── Error ('test-build-home-index.R:4:3'): messages about reading and writing ───
Error in `readRDS(path)`: error reading from connection
Backtrace:
▆
1. └─testthat::expect_snapshot(...) at test-build-home-index.R:4:3
2. └─rlang::cnd_signal(state$error)
[ FAIL 1 | WARN 0 | SKIP 135 | PASS 679 ]
Error: Test failures
Execution halted
Flavor: r-devel-windows-x86_64
Version: 2.1.0
Check: tests
Result: ERROR
Running 'testthat.R' [84s]
Running the tests in 'tests/testthat.R' failed.
Complete output:
> library(testthat)
> library(pkgdown)
>
> test_check("pkgdown")
Starting 2 test processes
[ FAIL 1 | WARN 0 | SKIP 135 | PASS 679 ]
══ Skipped tests (135) ═════════════════════════════════════════════════════════
• On CRAN (125): 'test-build-reference.R:4:3', 'test-build-reference.R:105:3',
'test-build-articles.R:14:3', 'test-build-articles.R:29:3',
'test-build-articles.R:57:3', 'test-build-articles.R:79:3',
'test-build-favicons.R:4:3', 'test-build-favicons.R:16:3',
'test-build-footer.R:12:3', 'test-build-footer.R:68:3',
'test-build-github.R:5:3', 'test-build-home-authors.R:16:3',
'test-build-home-authors.R:29:3', 'test-build-home-authors.R:90:3',
'test-build-home-authors.R:96:3', 'test-build-home-authors.R:198:3',
'test-build-home-community.R:11:3', 'test-build-home-index.R:39:3',
'test-build-home-index.R:58:3', 'test-build-home-index.R:86:3',
'test-build-home-index.R:107:3', 'test-build-home-index.R:116:3',
'test-build-home-index.R:125:3', 'test-build-home-index.R:136:3',
'test-build-news.R:16:3', 'test-build-news.R:52:3',
'test-build-news.R:105:3', 'test-build-news.R:110:3',
'test-build-news.R:115:3', 'test-build-news.R:188:3',
'test-build-news.R:207:3', 'test-build-news.R:221:3',
'test-build-news.R:235:3', 'test-build-news.R:247:3',
'test-build-redirects.R:10:3', 'test-build-redirects.R:27:3',
'test-build-reference-index.R:10:3', 'test-build-reference-index.R:60:3',
'test-build-reference-index.R:74:3', 'test-build-reference-index.R:115:3',
'test-build-reference-index.R:128:3', 'test-build-article.R:47:3',
'test-build-article.R:110:3', 'test-build-article.R:118:3',
'test-build-article.R:169:3', 'test-build-article.R:175:3',
'test-build-article.R:204:3', 'test-build-article.R:223:3',
'test-build-article.R:229:3', 'test-build-article.R:276:3',
'test-build-article.R:283:3', 'test-build-search-docs.R:39:3',
'test-build-search-docs.R:47:3', 'test-check-built.R:7:3',
'test-check.R:9:3', 'test-check.R:20:3', 'test-check.R:31:3',
'test-check.R:40:3', 'test-check.R:51:3', 'test-check.R:68:3',
'test-config.R:11:3', 'test-config.R:16:3', 'test-config.R:35:3',
'test-external-deps.R:4:3', 'test-development.R:54:3',
'test-highlight.R:14:3', 'test-highlight.R:28:3', 'test-highlight.R:56:3',
'test-markdown.R:24:3', 'test-markdown.R:61:3', 'test-navbar-menu.R:10:3',
'test-navbar-menu.R:20:3', 'test-navbar-menu.R:28:3',
'test-navbar-menu.R:50:3', 'test-navbar-menu.R:80:3',
'test-navbar-menu.R:84:3', 'test-navbar.R:3:3', 'test-navbar.R:15:3',
'test-navbar.R:25:3', 'test-navbar.R:88:3', 'test-navbar.R:103:3',
'test-navbar.R:124:4', 'test-navbar.R:133:3', 'test-navbar.R:172:3',
'test-init.R:3:3', 'test-init.R:57:3', 'test-preview.R:4:3',
'test-package.R:2:3', 'test-package.R:21:3', 'test-package.R:27:3',
'test-package.R:92:3', 'test-rd-example.R:112:3', 'test-render.R:6:3',
'test-render.R:48:3', 'test-rd-html.R:7:3', 'test-rd-html.R:32:3',
'test-rd-html.R:36:3', 'test-rd-html.R:53:3', 'test-rd-html.R:293:3',
'test-rd-html.R:365:3', 'test-rd-html.R:373:3', 'test-rd-html.R:384:3',
'test-rd-html.R:394:3', 'test-repo.R:53:3', 'test-theme.R:5:3',
'test-theme.R:36:3', 'test-topics-external.R:2:3',
'test-topics-external.R:10:3', 'test-templates.R:121:3',
'test-templates.R:128:3', 'test-templates.R:175:4',
'test-tweak-homepage.R:38:3', 'test-tweak-homepage.R:59:3',
'test-tweak-homepage.R:71:3', 'test-tweak-tags.R:61:3',
'test-tweak-tags.R:177:3', 'test-tweak-tags.R:268:3', 'test-usage.R:24:3',
'test-topics.R:18:3', 'test-topics.R:35:3', 'test-topics.R:70:3',
'test-topics.R:157:3', 'test-topics.R:169:3', 'test-utils-fs.R:2:3',
'test-utils-fs.R:9:3'
• On Windows (10): 'test-build-quarto-articles.R:2:3',
'test-build-quarto-articles.R:15:3', 'test-build-quarto-articles.R:33:3',
'test-build-quarto-articles.R:48:3', 'test-build-quarto-articles.R:64:3',
'test-build-quarto-articles.R:76:3', 'test-build-quarto-articles.R:93:3',
'test-figure.R:3:3', 'test-tweak-tabset.R:2:3', 'test-tweak-tabset.R:26:3'
══ Failed tests ════════════════════════════════════════════════════════════════
── Error ('test-build-home-index.R:4:3'): messages about reading and writing ───
Error in `readRDS(path)`: error reading from connection
Backtrace:
▆
1. └─testthat::expect_snapshot(...) at test-build-home-index.R:4:3
2. └─rlang::cnd_signal(state$error)
[ FAIL 1 | WARN 0 | SKIP 135 | PASS 679 ]
Error: Test failures
Execution halted
Flavor: r-release-windows-x86_64
Version: 2.1.0
Check: tests
Result: ERROR
Running ‘testthat.R’ [88s/60s]
Running the tests in ‘tests/testthat.R’ failed.
Last 13 lines of output:
11. └─httr2::req_perform(req)
12. └─httr2:::cache_pre_fetch(req)
13. ├─httr2:::resp_cache_info(cache_get(req))
14. │ └─httr2:::resp_cache_expires(resp, control)
15. │ ├─control %||% resp_cache_control(resp)
16. │ └─httr2:::resp_cache_control(resp)
17. │ └─httr2::resp_header(resp, "Cache-Control")
18. │ └─httr2:::check_response(resp)
19. │ └─httr2:::is_response(resp)
20. └─httr2:::cache_get(req)
21. └─base::readRDS(path)
[ FAIL 15 | WARN 0 | SKIP 129 | PASS 665 ]
Error: Test failures
Execution halted
Flavor: r-oldrel-macos-arm64
Version: 2.1.0
Check: running R code from vignettes
Result: ERROR
Errors in running code in vignettes:
when running code in ‘how-to-update-released-site.Rmd’
...
> knitr::opts_chunk$set(collapse = TRUE, comment = "#>",
+ eval = FALSE)
> gert::git_branch_checkout("main")
When sourcing ‘how-to-update-released-site.R’:
Error: could not find repository from '/private/var/folders/k4/0jwzxmln0nb8y6rkzprptb640000gq/T/RtmpwesuWa/file12b42371af680/vignettes'
Execution halted
‘accessibility.Rmd’ using ‘UTF-8’... [1s/1s] OK
‘customise.Rmd’ using ‘UTF-8’... [1s/1s] OK
‘how-to-update-released-site.Rmd’ using ‘UTF-8’... failed
‘linking.Rmd’ using ‘UTF-8’... [1s/1s] OK
‘metadata.Rmd’ using ‘UTF-8’... [0s/1s] OK
‘pkgdown.Rmd’ using ‘UTF-8’... [0s/1s] OK
‘translations.Rmd’ using ‘UTF-8’... [0s/1s] OK
‘quarto.qmd’ using ‘UTF-8’... [1s/1s] OK
Flavor: r-oldrel-macos-arm64
Version: 2.1.0
Check: tests
Result: ERROR
Running ‘testthat.R’ [95s/71s]
Running the tests in ‘tests/testthat.R’ failed.
Last 13 lines of output:
11. └─httr2::req_perform(req)
12. └─httr2:::cache_pre_fetch(req)
13. ├─httr2:::resp_cache_info(cache_get(req))
14. │ └─httr2:::resp_cache_expires(resp, control)
15. │ ├─control %||% resp_cache_control(resp)
16. │ └─httr2:::resp_cache_control(resp)
17. │ └─httr2::resp_header(resp, "Cache-Control")
18. │ └─httr2:::check_response(resp)
19. │ └─httr2:::is_response(resp)
20. └─httr2:::cache_get(req)
21. └─base::readRDS(path)
[ FAIL 15 | WARN 0 | SKIP 128 | PASS 670 ]
Error: Test failures
Execution halted
Flavor: r-oldrel-macos-x86_64
Version: 2.1.0
Check: running R code from vignettes
Result: ERROR
Errors in running code in vignettes:
when running code in ‘how-to-update-released-site.Rmd’
...
> knitr::opts_chunk$set(collapse = TRUE, comment = "#>",
+ eval = FALSE)
> gert::git_branch_checkout("main")
When sourcing ‘how-to-update-released-site.R’:
Error: could not find repository from '/private/var/folders/2b/t0kwbtmn3p7brv2mvx39c9cr0000gn/T/RtmphEsH2j/file176143e0cee8d/vignettes'
Execution halted
‘accessibility.Rmd’ using ‘UTF-8’... [1s/1s] OK
‘customise.Rmd’ using ‘UTF-8’... [1s/1s] OK
‘how-to-update-released-site.Rmd’ using ‘UTF-8’... failed
‘linking.Rmd’ using ‘UTF-8’... [1s/1s] OK
‘metadata.Rmd’ using ‘UTF-8’... [1s/1s] OK
‘pkgdown.Rmd’ using ‘UTF-8’... [1s/1s] OK
‘translations.Rmd’ using ‘UTF-8’... [1s/1s] OK
‘quarto.qmd’ using ‘UTF-8’... [1s/1s] OK
Flavor: r-oldrel-macos-x86_64
Version: 2.1.0
Check: tests
Result: ERROR
Running 'testthat.R' [104s]
Running the tests in 'tests/testthat.R' failed.
Complete output:
> library(testthat)
> library(pkgdown)
>
> test_check("pkgdown")
Starting 2 test processes
[ FAIL 1 | WARN 0 | SKIP 139 | PASS 665 ]
══ Skipped tests (139) ═════════════════════════════════════════════════════════
• On CRAN (124): 'test-build-reference.R:4:3', 'test-build-reference.R:105:3',
'test-build-articles.R:14:3', 'test-build-articles.R:29:3',
'test-build-articles.R:57:3', 'test-build-articles.R:79:3',
'test-build-favicons.R:4:3', 'test-build-favicons.R:16:3',
'test-build-footer.R:12:3', 'test-build-footer.R:68:3',
'test-build-github.R:5:3', 'test-build-home-authors.R:16:3',
'test-build-home-authors.R:29:3', 'test-build-home-authors.R:90:3',
'test-build-home-authors.R:96:3', 'test-build-home-authors.R:198:3',
'test-build-home-community.R:11:3', 'test-build-home-index.R:39:3',
'test-build-home-index.R:58:3', 'test-build-home-index.R:86:3',
'test-build-home-index.R:107:3', 'test-build-home-index.R:116:3',
'test-build-home-index.R:125:3', 'test-build-home-index.R:136:3',
'test-build-news.R:16:3', 'test-build-news.R:52:3',
'test-build-news.R:105:3', 'test-build-news.R:110:3',
'test-build-news.R:115:3', 'test-build-news.R:188:3',
'test-build-news.R:207:3', 'test-build-news.R:221:3',
'test-build-news.R:235:3', 'test-build-news.R:247:3',
'test-build-redirects.R:10:3', 'test-build-redirects.R:27:3',
'test-build-reference-index.R:10:3', 'test-build-reference-index.R:60:3',
'test-build-reference-index.R:74:3', 'test-build-reference-index.R:115:3',
'test-build-reference-index.R:128:3', 'test-build-search-docs.R:39:3',
'test-build-search-docs.R:47:3', 'test-check-built.R:7:3',
'test-check.R:9:3', 'test-check.R:20:3', 'test-check.R:31:3',
'test-check.R:40:3', 'test-check.R:51:3', 'test-check.R:68:3',
'test-build-article.R:47:3', 'test-build-article.R:110:3',
'test-build-article.R:118:3', 'test-build-article.R:169:3',
'test-build-article.R:175:3', 'test-build-article.R:204:3',
'test-build-article.R:223:3', 'test-build-article.R:229:3',
'test-build-article.R:276:3', 'test-build-article.R:283:3',
'test-config.R:11:3', 'test-config.R:16:3', 'test-config.R:35:3',
'test-external-deps.R:4:3', 'test-development.R:54:3',
'test-highlight.R:14:3', 'test-highlight.R:28:3', 'test-highlight.R:56:3',
'test-markdown.R:24:3', 'test-markdown.R:61:3', 'test-navbar-menu.R:10:3',
'test-navbar-menu.R:20:3', 'test-navbar-menu.R:28:3',
'test-navbar-menu.R:50:3', 'test-navbar-menu.R:80:3',
'test-navbar-menu.R:84:3', 'test-navbar.R:3:3', 'test-navbar.R:15:3',
'test-navbar.R:25:3', 'test-navbar.R:88:3', 'test-navbar.R:103:3',
'test-navbar.R:124:4', 'test-navbar.R:133:3', 'test-navbar.R:172:3',
'test-package.R:2:3', 'test-package.R:21:3', 'test-package.R:27:3',
'test-package.R:92:3', 'test-init.R:3:3', 'test-init.R:57:3',
'test-preview.R:4:3', 'test-rd-example.R:112:3', 'test-render.R:6:3',
'test-render.R:48:3', 'test-rd-html.R:7:3', 'test-rd-html.R:32:3',
'test-rd-html.R:36:3', 'test-rd-html.R:53:3', 'test-rd-html.R:293:3',
'test-rd-html.R:365:3', 'test-rd-html.R:373:3', 'test-rd-html.R:384:3',
'test-rd-html.R:394:3', 'test-repo.R:53:3', 'test-theme.R:5:3',
'test-theme.R:36:3', 'test-topics-external.R:2:3',
'test-topics-external.R:10:3', 'test-templates.R:121:3',
'test-templates.R:128:3', 'test-templates.R:175:4',
'test-tweak-homepage.R:38:3', 'test-tweak-homepage.R:59:3',
'test-tweak-homepage.R:71:3', 'test-tweak-tags.R:61:3',
'test-tweak-tags.R:177:3', 'test-usage.R:24:3', 'test-utils-fs.R:2:3',
'test-utils-fs.R:9:3', 'test-topics.R:18:3', 'test-topics.R:35:3',
'test-topics.R:70:3', 'test-topics.R:157:3', 'test-topics.R:169:3'
• On Windows (10): 'test-build-quarto-articles.R:2:3',
'test-build-quarto-articles.R:15:3', 'test-build-quarto-articles.R:33:3',
'test-build-quarto-articles.R:48:3', 'test-build-quarto-articles.R:64:3',
'test-build-quarto-articles.R:76:3', 'test-build-quarto-articles.R:93:3',
'test-figure.R:3:3', 'test-tweak-tabset.R:2:3', 'test-tweak-tabset.R:26:3'
• pandoc not available (5): 'test-markdown.R:30:3',
'test-tweak-reference.R:2:3', 'test-tweak-reference.R:106:3',
'test-tweak-reference.R:116:3', 'test-tweak-tags.R:251:3'
══ Failed tests ════════════════════════════════════════════════════════════════
── Error ('test-build-home-index.R:4:3'): messages about reading and writing ───
Error in `readRDS(path)`: error reading from connection
Backtrace:
▆
1. └─testthat::expect_snapshot(...) at test-build-home-index.R:4:3
2. └─rlang::cnd_signal(state$error)
[ FAIL 1 | WARN 0 | SKIP 139 | PASS 665 ]
Error: Test failures
Execution halted
Flavor: r-oldrel-windows-x86_64