Last updated on 2024-07-27 01:53:19 CEST.
Flavor | Version | Tinstall | Tcheck | Ttotal | Status | Flags |
---|---|---|---|---|---|---|
r-devel-linux-x86_64-debian-clang | 0.1.0 | 1.92 | 19.37 | 21.29 | OK | |
r-devel-linux-x86_64-debian-gcc | 0.1.0 | 1.35 | 15.51 | 16.86 | OK | |
r-devel-linux-x86_64-fedora-clang | 0.1.0 | 27.94 | NOTE | |||
r-devel-linux-x86_64-fedora-gcc | 0.1.0 | 26.53 | NOTE | |||
r-devel-windows-x86_64 | 0.1.0 | 2.00 | 35.00 | 37.00 | OK | |
r-patched-linux-x86_64 | 0.1.0 | OK | ||||
r-release-linux-x86_64 | 0.1.0 | 1.63 | 19.04 | 20.67 | OK | |
r-release-macos-arm64 | 0.1.0 | 15.00 | OK | |||
r-release-macos-x86_64 | 0.1.0 | 18.00 | OK | |||
r-release-windows-x86_64 | 0.1.0 | 2.00 | 34.00 | 36.00 | OK | |
r-oldrel-macos-arm64 | 0.1.0 | 14.00 | OK | |||
r-oldrel-macos-x86_64 | 0.1.0 | 17.00 | OK | |||
r-oldrel-windows-x86_64 | 0.1.0 | 3.00 | 33.00 | 36.00 | OK |
Version: 0.1.0
Check: data for non-ASCII characters
Result: NOTE
Note: found 150 marked UTF-8 strings
Flavors: r-devel-linux-x86_64-fedora-clang, r-devel-linux-x86_64-fedora-gcc