Last updated on 2024-08-16 01:48:26 CEST.
Flavor | Version | Tinstall | Tcheck | Ttotal | Status | Flags |
---|---|---|---|---|---|---|
r-devel-linux-x86_64-debian-clang | 0.1.6 | 1.79 | 44.07 | 45.86 | NOTE | |
r-devel-linux-x86_64-debian-gcc | 0.1.6 | 1.43 | 31.18 | 32.61 | NOTE | |
r-devel-linux-x86_64-fedora-clang | 0.1.6 | 72.60 | NOTE | |||
r-devel-linux-x86_64-fedora-gcc | 0.1.6 | 83.90 | NOTE | |||
r-devel-windows-x86_64 | 0.1.6 | 4.00 | 61.00 | 65.00 | NOTE | |
r-patched-linux-x86_64 | 0.1.6 | 2.01 | 41.53 | 43.54 | NOTE | |
r-release-linux-x86_64 | 0.1.6 | 2.03 | 41.89 | 43.92 | NOTE | |
r-release-macos-arm64 | 0.1.6 | 35.00 | NOTE | |||
r-release-macos-x86_64 | 0.1.6 | 48.00 | NOTE | |||
r-release-windows-x86_64 | 0.1.6 | 3.00 | 61.00 | 64.00 | NOTE | |
r-oldrel-macos-arm64 | 0.1.6 | 29.00 | NOTE | |||
r-oldrel-macos-x86_64 | 0.1.6 | 49.00 | NOTE | |||
r-oldrel-windows-x86_64 | 0.1.6 | 3.00 | 68.00 | 71.00 | NOTE |
Version: 0.1.6
Check: LazyData
Result: NOTE
'LazyData' is specified without a 'data' directory
Flavors: r-devel-linux-x86_64-debian-clang, r-devel-linux-x86_64-debian-gcc, r-devel-linux-x86_64-fedora-clang, r-devel-linux-x86_64-fedora-gcc, r-devel-windows-x86_64, r-patched-linux-x86_64, r-release-linux-x86_64, r-release-macos-arm64, r-release-macos-x86_64, r-release-windows-x86_64, r-oldrel-macos-arm64, r-oldrel-macos-x86_64, r-oldrel-windows-x86_64
Version: 0.1.6
Check: dependencies in R code
Result: NOTE
Namespace in Imports field not imported from: ‘graphics’
All declared Imports should be used.
Flavors: r-devel-linux-x86_64-fedora-clang, r-devel-linux-x86_64-fedora-gcc