Last updated on 2025-07-17 02:49:33 CEST.
Flavor | Version | Tinstall | Tcheck | Ttotal | Status | Flags |
---|---|---|---|---|---|---|
r-devel-linux-x86_64-debian-clang | 0.7.2 | 23.45 | 228.18 | 251.63 | OK | |
r-devel-linux-x86_64-debian-gcc | 0.7.2 | 15.06 | 148.29 | 163.35 | OK | |
r-devel-linux-x86_64-fedora-clang | 0.7.2 | 369.81 | OK | |||
r-devel-linux-x86_64-fedora-gcc | 0.7.2 | 334.12 | OK | |||
r-devel-windows-x86_64 | 0.7.2 | 26.00 | 230.00 | 256.00 | OK | |
r-patched-linux-x86_64 | 0.7.2 | 32.19 | 213.96 | 246.15 | OK | |
r-release-linux-x86_64 | 0.7.1 | 24.03 | 206.26 | 230.29 | OK | |
r-release-macos-arm64 | 0.7.1 | 95.00 | OK | |||
r-release-macos-x86_64 | 0.7.2 | 188.00 | OK | |||
r-release-windows-x86_64 | 0.7.2 | 29.00 | 229.00 | 258.00 | OK | |
r-oldrel-macos-arm64 | 0.7.1 | 99.00 | NOTE | |||
r-oldrel-macos-x86_64 | 0.7.2 | 190.00 | NOTE | |||
r-oldrel-windows-x86_64 | 0.7.2 | 38.00 | 297.00 | 335.00 | OK |
Version: 0.7.1
Check: package dependencies
Result: NOTE
Package suggested but not available for checking: ‘ggmanh’
Flavor: r-oldrel-macos-arm64
Version: 0.7.1
Check: Rd cross-references
Result: NOTE
Package unavailable to check Rd xrefs: ‘ggmanh’
Flavor: r-oldrel-macos-arm64
Version: 0.7.2
Check: package dependencies
Result: NOTE
Package suggested but not available for checking: ‘ggmanh’
Flavor: r-oldrel-macos-x86_64
Version: 0.7.2
Check: Rd cross-references
Result: NOTE
Package unavailable to check Rd xrefs: ‘ggmanh’
Flavor: r-oldrel-macos-x86_64