Last updated on 2024-08-16 01:48:26 CEST.
Flavor | Version | Tinstall | Tcheck | Ttotal | Status | Flags |
---|---|---|---|---|---|---|
r-devel-linux-x86_64-debian-clang | 2.8-4 | 5.82 | 56.77 | 62.59 | OK | |
r-devel-linux-x86_64-debian-gcc | 2.8-4 | 3.95 | 40.30 | 44.25 | OK | |
r-devel-linux-x86_64-fedora-clang | 2.8-4 | 99.36 | NOTE | |||
r-devel-linux-x86_64-fedora-gcc | 2.8-4 | 107.56 | OK | |||
r-devel-windows-x86_64 | 2.8-4 | 8.00 | 98.00 | 106.00 | OK | |
r-patched-linux-x86_64 | 2.8-4 | 5.84 | 54.01 | 59.85 | OK | |
r-release-linux-x86_64 | 2.8-4 | 4.60 | 54.47 | 59.07 | OK | |
r-release-macos-arm64 | 2.8-4 | 60.00 | NOTE | |||
r-release-macos-x86_64 | 2.8-4 | 153.00 | NOTE | |||
r-release-windows-x86_64 | 2.8-4 | 9.00 | 94.00 | 103.00 | OK | |
r-oldrel-macos-arm64 | 2.8-4 | 48.00 | NOTE | |||
r-oldrel-macos-x86_64 | 2.8-4 | 108.00 | NOTE | |||
r-oldrel-windows-x86_64 | 2.8-4 | 9.00 | 93.00 | 102.00 | OK |
Version: 2.8-4
Check: Rd cross-references
Result: NOTE
Undeclared package ‘sm’ in Rd xrefs
Flavor: r-devel-linux-x86_64-fedora-clang
Version: 2.8-4
Check: package dependencies
Result: NOTE
Package suggested but not available for checking: ‘Rmpi’
Flavors: r-release-macos-arm64, r-release-macos-x86_64, r-oldrel-macos-arm64, r-oldrel-macos-x86_64