Last updated on 2024-07-27 01:53:19 CEST.
Flavor | Version | Tinstall | Tcheck | Ttotal | Status | Flags |
---|---|---|---|---|---|---|
r-devel-linux-x86_64-debian-clang | 1.0.0 | 10.93 | 96.29 | 107.22 | NOTE | |
r-devel-linux-x86_64-debian-gcc | 1.0.0 | 8.45 | 73.52 | 81.97 | NOTE | |
r-devel-linux-x86_64-fedora-clang | 1.0.0 | 136.66 | NOTE | |||
r-devel-linux-x86_64-fedora-gcc | 1.0.0 | 124.70 | NOTE | |||
r-devel-windows-x86_64 | 1.0.0 | 11.00 | 84.00 | 95.00 | NOTE | |
r-patched-linux-x86_64 | 1.0.0 | NOTE | ||||
r-release-linux-x86_64 | 1.0.0 | 7.04 | 94.33 | 101.37 | NOTE | |
r-release-macos-arm64 | 1.0.0 | 41.00 | NOTE | |||
r-release-macos-x86_64 | 1.0.0 | 69.00 | NOTE | |||
r-release-windows-x86_64 | 1.0.0 | 11.00 | 83.00 | 94.00 | NOTE | |
r-oldrel-macos-arm64 | 1.0.0 | 43.00 | NOTE | |||
r-oldrel-macos-x86_64 | 1.0.0 | 66.00 | NOTE | |||
r-oldrel-windows-x86_64 | 1.0.0 | 14.00 | 97.00 | 111.00 | NOTE |
Version: 1.0.0
Check: LazyData
Result: NOTE
'LazyData' is specified without a 'data' directory
Flavors: r-devel-linux-x86_64-debian-clang, r-devel-linux-x86_64-debian-gcc, r-devel-linux-x86_64-fedora-clang, r-devel-linux-x86_64-fedora-gcc, r-devel-windows-x86_64, r-patched-linux-x86_64, r-release-linux-x86_64, r-release-macos-arm64, r-release-macos-x86_64, r-release-windows-x86_64, r-oldrel-macos-arm64, r-oldrel-macos-x86_64, r-oldrel-windows-x86_64