Last updated on 2024-07-27 01:53:19 CEST.
Flavor | Version | Tinstall | Tcheck | Ttotal | Status | Flags |
---|---|---|---|---|---|---|
r-devel-linux-x86_64-debian-clang | 0.4.12 | 20.60 | 323.54 | 344.14 | OK | |
r-devel-linux-x86_64-debian-gcc | 0.4.12 | 17.17 | 241.13 | 258.30 | NOTE | |
r-devel-linux-x86_64-fedora-clang | 0.4.12 | 462.14 | OK | |||
r-devel-linux-x86_64-fedora-gcc | 0.4.12 | 425.75 | OK | |||
r-devel-windows-x86_64 | 0.4.12 | 23.00 | 255.00 | 278.00 | NOTE | |
r-patched-linux-x86_64 | 0.4.12 | OK | ||||
r-release-linux-x86_64 | 0.4.12 | 17.65 | 438.58 | 456.23 | OK | |
r-release-macos-arm64 | 0.4.12 | 121.00 | OK | |||
r-release-macos-x86_64 | 0.4.12 | 187.00 | OK | |||
r-release-windows-x86_64 | 0.4.12 | 20.00 | 246.00 | 266.00 | OK | |
r-oldrel-macos-arm64 | 0.4.12 | 125.00 | OK | |||
r-oldrel-macos-x86_64 | 0.4.12 | 373.00 | OK | |||
r-oldrel-windows-x86_64 | 0.4.12 | 27.00 | 302.00 | 329.00 | OK |
Version: 0.4.12
Check: Rd cross-references
Result: NOTE
Found the following Rd file(s) with Rd \link{} targets missing package
anchors:
ltable.Rd: data.table, melt
prepExpo.Rd: data.table
sir_exp.Rd: Lexis
Please provide package anchors for all Rd \link{} targets not in the
package itself and the base packages.
Flavors: r-devel-linux-x86_64-debian-gcc, r-devel-windows-x86_64