Last updated on 2024-08-16 01:48:26 CEST.
Flavor | Version | Tinstall | Tcheck | Ttotal | Status | Flags |
---|---|---|---|---|---|---|
r-devel-linux-x86_64-debian-clang | 2.4.0.2 | 23.37 | 161.04 | 184.41 | OK | |
r-devel-linux-x86_64-debian-gcc | 2.4.0.2 | 16.92 | 121.45 | 138.37 | OK | |
r-devel-linux-x86_64-fedora-clang | 2.4.0.2 | 295.25 | NOTE | |||
r-devel-linux-x86_64-fedora-gcc | 2.4.0.2 | 297.54 | NOTE | |||
r-devel-windows-x86_64 | 2.4.0.2 | 23.00 | 145.00 | 168.00 | OK | |
r-patched-linux-x86_64 | 2.4.0.2 | 21.61 | 152.98 | 174.59 | OK | |
r-release-linux-x86_64 | 2.4.0.2 | 22.80 | 153.28 | 176.08 | OK | |
r-release-macos-arm64 | 2.4.0.2 | 75.00 | OK | |||
r-release-macos-x86_64 | 2.4.0.2 | 107.00 | OK | |||
r-release-windows-x86_64 | 2.4.0.2 | 23.00 | 145.00 | 168.00 | OK | |
r-oldrel-macos-arm64 | 2.4.0.2 | 89.00 | OK | |||
r-oldrel-macos-x86_64 | 2.4.0.2 | 136.00 | OK | |||
r-oldrel-windows-x86_64 | 2.4.0.2 | 31.00 | 175.00 | 206.00 | OK |
Version: 2.4.0.2
Check: dependencies in R code
Result: NOTE
Namespaces in Imports field not imported from:
‘ActCR’ ‘ActFrag’ ‘tidyr’
All declared Imports should be used.
Flavors: r-devel-linux-x86_64-fedora-clang, r-devel-linux-x86_64-fedora-gcc