Last updated on 2024-08-16 01:48:26 CEST.
Flavor | Version | Tinstall | Tcheck | Ttotal | Status | Flags |
---|---|---|---|---|---|---|
r-devel-linux-x86_64-debian-clang | 0.1.3 | 8.04 | 91.62 | 99.66 | OK | |
r-devel-linux-x86_64-debian-gcc | 0.1.3 | 5.24 | 63.34 | 68.58 | OK | |
r-devel-linux-x86_64-fedora-clang | 0.1.3 | 161.52 | OK | |||
r-devel-linux-x86_64-fedora-gcc | 0.1.3 | 168.56 | OK | |||
r-devel-windows-x86_64 | 0.1.3 | 10.00 | 107.00 | 117.00 | OK | |
r-patched-linux-x86_64 | 0.1.3 | 8.04 | 87.69 | 95.73 | OK | |
r-release-linux-x86_64 | 0.1.3 | 7.79 | 86.91 | 94.70 | OK | |
r-release-macos-arm64 | 0.1.3 | 50.00 | OK | |||
r-release-macos-x86_64 | 0.1.3 | 80.00 | OK | |||
r-release-windows-x86_64 | 0.1.3 | 10.00 | 105.00 | 115.00 | OK | |
r-oldrel-macos-arm64 | 0.1.3 | 53.00 | OK | |||
r-oldrel-macos-x86_64 | 0.1.3 | 82.00 | NOTE | |||
r-oldrel-windows-x86_64 | 0.1.3 | 12.00 | 127.00 | 139.00 | OK |
Version: 0.1.3
Check: package dependencies
Result: NOTE
Package suggested but not available for checking: ‘lme4’
Flavor: r-oldrel-macos-x86_64