Last updated on 2025-07-16 01:50:37 CEST.
Flavor | Version | Tinstall | Tcheck | Ttotal | Status | Flags |
---|---|---|---|---|---|---|
r-devel-linux-x86_64-debian-clang | 1.0.2 | 53.94 | 193.04 | 246.98 | OK | |
r-devel-linux-x86_64-debian-gcc | 1.0.2 | 41.18 | 132.52 | 173.70 | OK | |
r-devel-linux-x86_64-fedora-clang | 1.0.2 | 401.92 | OK | |||
r-devel-linux-x86_64-fedora-gcc | 1.0.2 | 395.15 | OK | |||
r-devel-windows-x86_64 | 1.0.2 | 62.00 | 232.00 | 294.00 | OK | |
r-patched-linux-x86_64 | 1.0.2 | 53.14 | 183.25 | 236.39 | OK | |
r-release-linux-x86_64 | 1.0.2 | 53.71 | 179.12 | 232.83 | OK | |
r-release-macos-arm64 | 1.0.2 | 76.00 | OK | |||
r-release-macos-x86_64 | 1.0.2 | 119.00 | OK | |||
r-release-windows-x86_64 | 1.0.2 | 64.00 | 252.00 | 316.00 | OK | |
r-oldrel-macos-arm64 | 1.0.2 | 101.00 | NOTE | |||
r-oldrel-macos-x86_64 | 1.0.2 | 129.00 | NOTE | |||
r-oldrel-windows-x86_64 | 1.0.2 | 79.00 | 287.00 | 366.00 | NOTE |
Version: 1.0.2
Check: installed package size
Result: NOTE
installed size is 5.8Mb
sub-directories of 1Mb or more:
libs 4.7Mb
Flavors: r-oldrel-macos-arm64, r-oldrel-macos-x86_64
Version: 1.0.2
Check: for GNU extensions in Makefiles
Result: NOTE
GNU make is a SystemRequirements.
Flavors: r-oldrel-macos-arm64, r-oldrel-macos-x86_64, r-oldrel-windows-x86_64