Last updated on 2024-08-16 01:48:26 CEST.
Flavor | Version | Tinstall | Tcheck | Ttotal | Status | Flags |
---|---|---|---|---|---|---|
r-devel-linux-x86_64-debian-clang | 0.2.1 | 5.43 | 48.01 | 53.44 | OK | |
r-devel-linux-x86_64-debian-gcc | 0.2.1 | 4.36 | 36.26 | 40.62 | OK | |
r-devel-linux-x86_64-fedora-clang | 0.2.1 | 85.13 | NOTE | |||
r-devel-linux-x86_64-fedora-gcc | 0.2.1 | 95.50 | NOTE | |||
r-devel-windows-x86_64 | 0.2.1 | 7.00 | 66.00 | 73.00 | OK | |
r-patched-linux-x86_64 | 0.2.1 | 4.80 | 47.97 | 52.77 | OK | |
r-release-linux-x86_64 | 0.2.1 | 3.52 | 47.43 | 50.95 | OK | |
r-release-macos-arm64 | 0.2.1 | 34.00 | OK | |||
r-release-macos-x86_64 | 0.2.1 | 48.00 | OK | |||
r-release-windows-x86_64 | 0.2.1 | 7.00 | 66.00 | 73.00 | OK | |
r-oldrel-macos-arm64 | 0.2.1 | 35.00 | OK | |||
r-oldrel-macos-x86_64 | 0.2.1 | 47.00 | OK | |||
r-oldrel-windows-x86_64 | 0.2.1 | 8.00 | 73.00 | 81.00 | OK |
Version: 0.2.1
Check: dependencies in R code
Result: NOTE
Namespaces in Imports field not imported from:
‘class’ ‘forcats’ ‘irr’ ‘lpSolve’ ‘purrr’
All declared Imports should be used.
Flavors: r-devel-linux-x86_64-fedora-clang, r-devel-linux-x86_64-fedora-gcc