Last updated on 2025-10-31 01:49:07 CET.
| Flavor | Version | Tinstall | Tcheck | Ttotal | Status | Flags | 
|---|---|---|---|---|---|---|
| r-devel-linux-x86_64-debian-clang | 0.1.1 | 2.24 | 35.12 | 37.36 | ERROR | |
| r-devel-linux-x86_64-debian-gcc | 0.1.1 | 1.94 | 28.93 | 30.87 | OK | |
| r-devel-linux-x86_64-fedora-clang | 0.1.1 | 59.13 | OK | |||
| r-devel-linux-x86_64-fedora-gcc | 0.1.1 | 71.66 | OK | |||
| r-devel-windows-x86_64 | 0.1.1 | 4.00 | 52.00 | 56.00 | OK | |
| r-patched-linux-x86_64 | 0.1.1 | 2.67 | 34.08 | 36.75 | OK | |
| r-release-linux-x86_64 | 0.1.1 | 2.72 | 34.32 | 37.04 | OK | |
| r-release-macos-arm64 | 0.1.1 | 1.00 | 103.00 | 104.00 | OK | |
| r-release-macos-x86_64 | 0.1.1 | 2.00 | 186.00 | 188.00 | OK | |
| r-release-windows-x86_64 | 0.1.1 | 4.00 | 54.00 | 58.00 | OK | |
| r-oldrel-macos-arm64 | 0.1.1 | 1.00 | 101.00 | 102.00 | OK | |
| r-oldrel-macos-x86_64 | 0.1.1 | 2.00 | 145.00 | 147.00 | OK | |
| r-oldrel-windows-x86_64 | 0.1.1 | 5.00 | 66.00 | 71.00 | OK | 
Version: 0.1.1
Check: re-building of vignette outputs
Result: ERROR
  Error(s) in re-building vignettes:
    ...
  --- re-building ‘predictsr.Rmd’ using rmarkdown
  
  Quitting from predictsr.Rmd:26-29 [setup]
  ~~~~~~~~~~~~~~~~~~~~~~~~~~~~~~~~~~~~~~~~~~~~~~~~~~~~~~~~~~~~~~~~~~~~~~~~~~~~~~~~
  <error/rlang_error>
  Error in `download.file()`:
  ! cannot open URL 'https://data.nhm.ac.uk/downloads/direct/9557dfe8f17a354978f0ff5ceeaad209a29bfbe7.zip'
  ---
  Backtrace:
      ▆
   1. └─predictsr::GetPredictsData(extract = c(2016, 2022))
   2.   └─predictsr:::.RequestRDSDataFrame(status_json)
   3.     └─utils::download.file(data_zip_url, temp_zip, quiet = TRUE)
  ~~~~~~~~~~~~~~~~~~~~~~~~~~~~~~~~~~~~~~~~~~~~~~~~~~~~~~~~~~~~~~~~~~~~~~~~~~~~~~~~
  
  Error: processing vignette 'predictsr.Rmd' failed with diagnostics:
  cannot open URL 'https://data.nhm.ac.uk/downloads/direct/9557dfe8f17a354978f0ff5ceeaad209a29bfbe7.zip'
  --- failed re-building ‘predictsr.Rmd’
  
  SUMMARY: processing the following file failed:
    ‘predictsr.Rmd’
  
  Error: Vignette re-building failed.
  Execution halted
Flavor: r-devel-linux-x86_64-debian-clang