Last updated on 2025-02-10 02:50:01 CET.
Flavor | Version | Tinstall | Tcheck | Ttotal | Status | Flags |
---|---|---|---|---|---|---|
r-devel-linux-x86_64-debian-clang | 0.2.2 | 2.83 | 34.94 | 37.77 | OK | |
r-devel-linux-x86_64-debian-gcc | 0.2.2 | 1.85 | 27.11 | 28.96 | OK | |
r-devel-linux-x86_64-fedora-clang | 0.2.2 | 62.97 | OK | |||
r-devel-linux-x86_64-fedora-gcc | 0.2.2 | 72.64 | OK | |||
r-devel-windows-x86_64 | 0.2.2 | 3.00 | 50.00 | 53.00 | OK | |
r-patched-linux-x86_64 | 0.2.2 | 2.51 | 33.55 | 36.06 | NOTE | |
r-release-linux-x86_64 | 0.2.2 | 2.67 | 33.96 | 36.63 | NOTE | |
r-release-macos-arm64 | 0.2.2 | 24.00 | NOTE | |||
r-release-macos-x86_64 | 0.2.2 | 36.00 | NOTE | |||
r-release-windows-x86_64 | 0.2.2 | 3.00 | 53.00 | 56.00 | NOTE | |
r-oldrel-macos-arm64 | 0.2.2 | 24.00 | NOTE | |||
r-oldrel-macos-x86_64 | 0.2.2 | 36.00 | NOTE | |||
r-oldrel-windows-x86_64 | 0.2.2 | 3.00 | 54.00 | 57.00 | NOTE |
Version: 0.2.2
Check: LazyData
Result: NOTE
'LazyData' is specified without a 'data' directory
Flavors: r-patched-linux-x86_64, r-release-linux-x86_64, r-release-macos-arm64, r-release-macos-x86_64, r-release-windows-x86_64, r-oldrel-macos-arm64, r-oldrel-macos-x86_64, r-oldrel-windows-x86_64