Last updated on 2024-08-16 01:48:26 CEST.
Flavor | Version | Tinstall | Tcheck | Ttotal | Status | Flags |
---|---|---|---|---|---|---|
r-devel-linux-x86_64-debian-clang | 0.7.9 | 31.22 | 85.84 | 117.06 | OK | |
r-devel-linux-x86_64-debian-gcc | 0.7.9 | 24.46 | 63.04 | 87.50 | OK | |
r-devel-linux-x86_64-fedora-clang | 0.7.9 | 201.02 | NOTE | |||
r-devel-linux-x86_64-fedora-gcc | 0.7.9 | 212.76 | OK | |||
r-devel-windows-x86_64 | 0.7.9 | 36.00 | 200.00 | 236.00 | OK | |
r-patched-linux-x86_64 | 0.7.9 | 34.84 | 81.34 | 116.18 | OK | |
r-release-linux-x86_64 | 0.7.9 | 34.42 | 82.67 | 117.09 | OK | |
r-release-macos-arm64 | 0.7.9 | 70.00 | NOTE | |||
r-release-macos-x86_64 | 0.7.9 | 144.00 | NOTE | |||
r-release-windows-x86_64 | 0.7.9 | 33.00 | 198.00 | 231.00 | OK | |
r-oldrel-macos-arm64 | 0.7.9 | 95.00 | NOTE | |||
r-oldrel-macos-x86_64 | 0.7.9 | 189.00 | NOTE | |||
r-oldrel-windows-x86_64 | 0.7.9 | 34.00 | 194.00 | 228.00 | OK |
Version: 0.7.9
Check: Rd cross-references
Result: NOTE
Undeclared package ‘XML’ in Rd xrefs
Flavor: r-devel-linux-x86_64-fedora-clang
Version: 0.7.9
Check: installed package size
Result: NOTE
installed size is 6.6Mb
sub-directories of 1Mb or more:
data 2.3Mb
libs 3.2Mb
Flavors: r-release-macos-arm64, r-release-macos-x86_64, r-oldrel-macos-arm64, r-oldrel-macos-x86_64