Last updated on 2025-05-12 01:49:20 CEST.
Flavor | Version | Tinstall | Tcheck | Ttotal | Status | Flags |
---|---|---|---|---|---|---|
r-devel-linux-x86_64-debian-clang | 1.6.4 | 2.79 | 18.39 | 21.18 | NOTE | |
r-devel-linux-x86_64-debian-gcc | 1.6.4 | 2.36 | 15.55 | 17.91 | NOTE | |
r-devel-linux-x86_64-fedora-clang | 1.6.4 | 32.77 | OK | |||
r-devel-linux-x86_64-fedora-gcc | 1.6.4 | 31.99 | OK | |||
r-devel-windows-x86_64 | 1.6.4 | 6.00 | 39.00 | 45.00 | OK | |
r-patched-linux-x86_64 | 1.6.4 | 2.84 | 17.30 | 20.14 | OK | |
r-release-linux-x86_64 | 1.6.4 | 2.42 | 17.64 | 20.06 | OK | |
r-release-macos-arm64 | 1.6.4 | 17.00 | OK | |||
r-release-macos-x86_64 | 1.6.4 | 28.00 | OK | |||
r-release-windows-x86_64 | 1.6.4 | 6.00 | 43.00 | 49.00 | OK | |
r-oldrel-macos-arm64 | 1.6.4 | 15.00 | OK | |||
r-oldrel-macos-x86_64 | 1.6.4 | 24.00 | OK | |||
r-oldrel-windows-x86_64 | 1.6.4 | 6.00 | 39.00 | 45.00 | OK |
Version: 1.6.4
Check: CRAN incoming feasibility
Result: NOTE
Maintainer: ‘Jacob Bien <jbien@usc.edu>’
No Authors@R field in DESCRIPTION.
Please add one, modifying
Authors@R: c(person(given = "Jacob",
family = "Bien",
role = c("aut", "cre"),
email = "jbien@usc.edu"),
person(given = "Rob",
family = "Tibshirani",
role = "aut"))
as necessary.
Flavors: r-devel-linux-x86_64-debian-clang, r-devel-linux-x86_64-debian-gcc