Last updated on 2025-11-12 02:53:07 CET.
| Flavor | Version | Tinstall | Tcheck | Ttotal | Status | Flags |
|---|---|---|---|---|---|---|
| r-devel-linux-x86_64-debian-clang | 1.1.6 | 9.22 | 70.56 | 79.78 | NOTE | |
| r-devel-linux-x86_64-debian-gcc | 1.1.6 | 7.93 | 46.65 | 54.58 | NOTE | |
| r-devel-linux-x86_64-fedora-clang | 1.1.6 | 64.00 | 71.16 | 135.16 | OK | |
| r-devel-linux-x86_64-fedora-gcc | 1.1.6 | 31.00 | 92.39 | 123.39 | OK | |
| r-devel-windows-x86_64 | 1.1.6 | 13.00 | 83.00 | 96.00 | OK | |
| r-patched-linux-x86_64 | 1.1.6 | 10.82 | 64.24 | 75.06 | OK | |
| r-release-linux-x86_64 | 1.1.6 | 11.51 | 65.10 | 76.61 | OK | |
| r-release-macos-arm64 | 1.1.6 | 5.00 | 34.00 | 39.00 | OK | |
| r-release-macos-x86_64 | 1.1.6 | 10.00 | 68.00 | 78.00 | OK | |
| r-release-windows-x86_64 | 1.1.6 | 13.00 | 82.00 | 95.00 | OK | |
| r-oldrel-macos-arm64 | 1.1.6 | 4.00 | 28.00 | 32.00 | OK | |
| r-oldrel-macos-x86_64 | 1.1.6 | 8.00 | 46.00 | 54.00 | OK | |
| r-oldrel-windows-x86_64 | 1.1.6 | 17.00 | 99.00 | 116.00 | OK |
Version: 1.1.6
Check: DESCRIPTION meta-information
Result: NOTE
Author field differs from that derived from Authors@R
Author: ‘Tyler Burleigh [aut] (https://twitter.com/tylerburleigh), Thomas J. Leeper [aut] (<https://orcid.org/0000-0003-4097-6326>), Solomon Messing [ctb], Sean Murphy [ctb], Jonathan Chang [ctb], Andrew Brown [ctb], Vineet Bansal [cre]’
Authors@R: ‘Tyler Burleigh [aut] (twitter: https://twitter.com/tylerburleigh), Thomas J. Leeper [aut] (ORCID: <https://orcid.org/0000-0003-4097-6326>), Solomon Messing [ctb], Sean Murphy [ctb], Jonathan Chang [ctb], Andrew Brown [ctb], Vineet Bansal [cre]’
Flavors: r-devel-linux-x86_64-debian-clang, r-devel-linux-x86_64-debian-gcc