Last updated on 2024-08-16 01:48:27 CEST.
Flavor | Version | Tinstall | Tcheck | Ttotal | Status | Flags |
---|---|---|---|---|---|---|
r-devel-linux-x86_64-debian-clang | 0.2.4 | 50.95 | 199.20 | 250.15 | OK | |
r-devel-linux-x86_64-debian-gcc | 0.2.4 | 47.20 | 141.09 | 188.29 | OK | |
r-devel-linux-x86_64-fedora-clang | 0.2.4 | 468.98 | OK | |||
r-devel-linux-x86_64-fedora-gcc | 0.2.4 | 467.16 | OK | |||
r-devel-windows-x86_64 | 0.2.4 | 63.00 | 192.00 | 255.00 | OK | |
r-patched-linux-x86_64 | 0.2.4 | 53.14 | 189.68 | 242.82 | OK | |
r-release-linux-x86_64 | 0.2.4 | 49.78 | 190.99 | 240.77 | OK | |
r-release-macos-arm64 | 0.2.4 | 124.00 | NOTE | |||
r-release-macos-x86_64 | 0.2.4 | 174.00 | NOTE | |||
r-release-windows-x86_64 | 0.2.4 | 57.00 | 191.00 | 248.00 | OK | |
r-oldrel-macos-arm64 | 0.2.4 | 78.00 | NOTE | |||
r-oldrel-macos-x86_64 | 0.2.4 | 130.00 | NOTE | |||
r-oldrel-windows-x86_64 | 0.2.4 | 61.00 | 236.00 | 297.00 | OK |
Version: 0.2.4
Check: installed package size
Result: NOTE
installed size is 6.4Mb
sub-directories of 1Mb or more:
libs 5.4Mb
Flavors: r-release-macos-arm64, r-release-macos-x86_64, r-oldrel-macos-arm64, r-oldrel-macos-x86_64