Last updated on 2025-05-18 02:49:46 CEST.
Flavor | Version | Tinstall | Tcheck | Ttotal | Status | Flags |
---|---|---|---|---|---|---|
r-devel-linux-x86_64-debian-clang | 0.4.4 | 20.02 | 37.65 | 57.67 | NOTE | |
r-devel-linux-x86_64-debian-gcc | 0.4.4 | 13.86 | 29.76 | 43.62 | NOTE | |
r-devel-linux-x86_64-fedora-clang | 0.4.4 | 101.81 | NOTE | |||
r-devel-linux-x86_64-fedora-gcc | 0.4.4 | 108.83 | NOTE | |||
r-devel-windows-x86_64 | 0.4.4 | 25.00 | 76.00 | 101.00 | NOTE | |
r-patched-linux-x86_64 | 0.4.4 | 19.89 | 35.03 | 54.92 | NOTE | |
r-release-linux-x86_64 | 0.4.4 | 19.07 | 35.00 | 54.07 | NOTE | |
r-release-macos-arm64 | 0.4.4 | 48.00 | NOTE | |||
r-release-macos-x86_64 | 0.4.4 | 64.00 | NOTE | |||
r-release-windows-x86_64 | 0.4.4 | 24.00 | 104.00 | 128.00 | NOTE | |
r-oldrel-macos-arm64 | 0.4.4 | 37.00 | NOTE | |||
r-oldrel-macos-x86_64 | 0.4.4 | 51.00 | NOTE | |||
r-oldrel-windows-x86_64 | 0.4.4 | 30.00 | 91.00 | 121.00 | NOTE |
Version: 0.4.4
Check: Rd files
Result: NOTE
checkRd: (-1) qualpal.Rd:22-28: Lost braces in \itemize; meant \describe ?
checkRd: (-1) qualpal.Rd:30-50: Lost braces in \itemize; meant \describe ?
Flavors: r-devel-linux-x86_64-debian-clang, r-devel-linux-x86_64-debian-gcc, r-devel-linux-x86_64-fedora-clang, r-devel-linux-x86_64-fedora-gcc, r-devel-windows-x86_64, r-patched-linux-x86_64, r-release-linux-x86_64, r-release-macos-arm64, r-release-macos-x86_64, r-release-windows-x86_64, r-oldrel-macos-arm64, r-oldrel-macos-x86_64, r-oldrel-windows-x86_64