Last updated on 2025-05-18 02:49:46 CEST.
Flavor | Version | Tinstall | Tcheck | Ttotal | Status | Flags |
---|---|---|---|---|---|---|
r-devel-linux-x86_64-debian-clang | 1.0.0 | 5.90 | 23.34 | 29.24 | NOTE | |
r-devel-linux-x86_64-debian-gcc | 1.0.0 | 5.33 | 18.81 | 24.14 | NOTE | |
r-devel-linux-x86_64-fedora-clang | 1.0.0 | 47.18 | NOTE | |||
r-devel-linux-x86_64-fedora-gcc | 1.0.0 | 46.08 | NOTE | |||
r-devel-windows-x86_64 | 1.0.0 | 7.00 | 46.00 | 53.00 | NOTE | |
r-patched-linux-x86_64 | 1.0.0 | 6.24 | 22.46 | 28.70 | NOTE | |
r-release-linux-x86_64 | 1.0.0 | 6.09 | 22.42 | 28.51 | NOTE | |
r-release-macos-arm64 | 1.0.0 | 23.00 | NOTE | |||
r-release-macos-x86_64 | 1.0.0 | 30.00 | NOTE | |||
r-release-windows-x86_64 | 1.0.0 | 7.00 | 58.00 | 65.00 | NOTE | |
r-oldrel-macos-arm64 | 1.0.0 | 22.00 | NOTE | |||
r-oldrel-macos-x86_64 | 1.0.0 | 28.00 | NOTE | |||
r-oldrel-windows-x86_64 | 1.0.0 | 6.00 | 52.00 | 58.00 | NOTE |
Version: 1.0.0
Check: Rd files
Result: NOTE
checkRd: (-1) quarries.Rd:17-19: Lost braces in \itemize; meant \describe ?
checkRd: (-1) quarries.Rd:20-22: Lost braces in \itemize; meant \describe ?
checkRd: (-1) quarries.Rd:23-25: Lost braces in \itemize; meant \describe ?
checkRd: (-1) quarries.Rd:26-28: Lost braces in \itemize; meant \describe ?
Flavors: r-devel-linux-x86_64-debian-clang, r-devel-linux-x86_64-debian-gcc, r-devel-linux-x86_64-fedora-clang, r-devel-linux-x86_64-fedora-gcc, r-devel-windows-x86_64, r-patched-linux-x86_64, r-release-linux-x86_64, r-release-macos-arm64, r-release-macos-x86_64, r-release-windows-x86_64, r-oldrel-macos-arm64, r-oldrel-macos-x86_64, r-oldrel-windows-x86_64