Last updated on 2024-07-27 01:53:20 CEST.
Flavor | Version | Tinstall | Tcheck | Ttotal | Status | Flags |
---|---|---|---|---|---|---|
r-devel-linux-x86_64-debian-clang | 1.0.1 | 3.33 | 38.81 | 42.14 | NOTE | |
r-devel-linux-x86_64-debian-gcc | 1.0.1 | 2.69 | 30.62 | 33.31 | NOTE | |
r-devel-linux-x86_64-fedora-clang | 1.0.1 | 55.51 | NOTE | |||
r-devel-linux-x86_64-fedora-gcc | 1.0.1 | 50.07 | NOTE | |||
r-devel-windows-x86_64 | 1.0.1 | 5.00 | 55.00 | 60.00 | NOTE | |
r-patched-linux-x86_64 | 1.0.1 | NOTE | ||||
r-release-linux-x86_64 | 1.0.1 | 3.54 | 36.83 | 40.37 | NOTE | |
r-release-macos-arm64 | 1.0.1 | 21.00 | NOTE | |||
r-release-macos-x86_64 | 1.0.1 | 30.00 | NOTE | |||
r-release-windows-x86_64 | 1.0.1 | 3.00 | 55.00 | 58.00 | NOTE | |
r-oldrel-macos-arm64 | 1.0.1 | 22.00 | OK | |||
r-oldrel-macos-x86_64 | 1.0.1 | 30.00 | OK | |||
r-oldrel-windows-x86_64 | 1.0.1 | 4.00 | 58.00 | 62.00 | OK |
Version: 1.0.1
Check: Rd files
Result: NOTE
checkRd: (-1) conf2d.Rd:64: Lost braces; missing escapes or markup?
64 | compute a smooth surface from \code{x} and {y}. If users already have
| ^
Flavors: r-devel-linux-x86_64-debian-clang, r-devel-linux-x86_64-debian-gcc, r-devel-linux-x86_64-fedora-clang, r-devel-linux-x86_64-fedora-gcc, r-devel-windows-x86_64, r-patched-linux-x86_64, r-release-linux-x86_64, r-release-macos-arm64, r-release-macos-x86_64, r-release-windows-x86_64
Version: 1.0.1
Check: Rd cross-references
Result: NOTE
Undeclared package ‘gplots’ in Rd xrefs
Flavor: r-devel-linux-x86_64-fedora-clang