Last updated on 2024-08-16 01:48:27 CEST.
Flavor | Version | Tinstall | Tcheck | Ttotal | Status | Flags |
---|---|---|---|---|---|---|
r-devel-linux-x86_64-debian-clang | 0.2 | 2.98 | 34.22 | 37.20 | OK | |
r-devel-linux-x86_64-debian-gcc | 0.2 | 2.69 | 29.32 | 32.01 | OK | |
r-devel-linux-x86_64-fedora-clang | 0.2 | 56.66 | NOTE | |||
r-devel-linux-x86_64-fedora-gcc | 0.2 | 68.21 | NOTE | |||
r-devel-windows-x86_64 | 0.2 | 5.00 | 54.00 | 59.00 | OK | |
r-patched-linux-x86_64 | 0.2 | 3.05 | 33.42 | 36.47 | OK | |
r-release-linux-x86_64 | 0.2 | 2.86 | 33.39 | 36.25 | OK | |
r-release-macos-arm64 | 0.2 | 27.00 | OK | |||
r-release-macos-x86_64 | 0.2 | 38.00 | OK | |||
r-release-windows-x86_64 | 0.2 | 5.00 | 55.00 | 60.00 | OK | |
r-oldrel-macos-arm64 | 0.2 | 33.00 | OK | |||
r-oldrel-macos-x86_64 | 0.2 | 53.00 | OK | |||
r-oldrel-windows-x86_64 | 0.2 | 5.00 | 63.00 | 68.00 | OK |
Version: 0.2
Check: dependencies in R code
Result: NOTE
Namespace in Imports field not imported from: ‘utils’
All declared Imports should be used.
Flavors: r-devel-linux-x86_64-fedora-clang, r-devel-linux-x86_64-fedora-gcc