Last updated on 2024-08-16 01:48:27 CEST.
Flavor | Version | Tinstall | Tcheck | Ttotal | Status | Flags |
---|---|---|---|---|---|---|
r-devel-linux-x86_64-debian-clang | 1.2.0 | 16.83 | 111.67 | 128.50 | NOTE | |
r-devel-linux-x86_64-debian-gcc | 1.2.0 | 10.76 | 78.46 | 89.22 | NOTE | |
r-devel-linux-x86_64-fedora-clang | 1.2.0 | 202.28 | NOTE | |||
r-devel-linux-x86_64-fedora-gcc | 1.2.0 | 189.19 | NOTE | |||
r-devel-windows-x86_64 | 1.2.0 | 16.00 | 245.00 | 261.00 | NOTE | |
r-patched-linux-x86_64 | 1.2.0 | 13.42 | 104.94 | 118.36 | NOTE | |
r-release-linux-x86_64 | 1.2.0 | 14.30 | 106.84 | 121.14 | NOTE | |
r-release-macos-arm64 | 1.2.0 | 55.00 | NOTE | |||
r-release-macos-x86_64 | 1.2.0 | 83.00 | NOTE | |||
r-release-windows-x86_64 | 1.2.0 | 16.00 | 647.00 | 663.00 | NOTE | |
r-oldrel-macos-arm64 | 1.2.0 | 55.00 | OK | |||
r-oldrel-macos-x86_64 | 1.2.0 | 136.00 | OK | |||
r-oldrel-windows-x86_64 | 1.2.0 | 22.00 | 304.00 | 326.00 | OK |
Version: 1.2.0
Check: Rd files
Result: NOTE
checkRd: (-1) hetTgen.Rd:16: Lost braces; missing escapes or markup?
16 | \item{info.type}{character. \code{AD}: allele depth value, {AD-tot}:total
| ^
Flavors: r-devel-linux-x86_64-debian-clang, r-devel-linux-x86_64-debian-gcc, r-devel-linux-x86_64-fedora-clang, r-devel-linux-x86_64-fedora-gcc, r-devel-windows-x86_64, r-patched-linux-x86_64, r-release-linux-x86_64, r-release-macos-arm64, r-release-macos-x86_64, r-release-windows-x86_64