Last updated on 2024-08-16 01:48:27 CEST.
Flavor | Version | Tinstall | Tcheck | Ttotal | Status | Flags |
---|---|---|---|---|---|---|
r-devel-linux-x86_64-debian-clang | 0.3.1.1 | 22.99 | 152.64 | 175.63 | OK | |
r-devel-linux-x86_64-debian-gcc | 0.3.1.1 | 14.72 | 111.86 | 126.58 | OK | |
r-devel-linux-x86_64-fedora-clang | 0.3.1.1 | 286.34 | OK | |||
r-devel-linux-x86_64-fedora-gcc | 0.3.1.1 | 297.13 | OK | |||
r-devel-windows-x86_64 | 0.3.1.1 | 27.00 | 164.00 | 191.00 | OK | |
r-patched-linux-x86_64 | 0.3.1.1 | 21.07 | 143.73 | 164.80 | OK | |
r-release-linux-x86_64 | 0.3.1.1 | 21.69 | 144.84 | 166.53 | OK | |
r-release-macos-arm64 | 0.3.1.1 | 87.00 | OK | |||
r-release-macos-x86_64 | 0.3.1.1 | 129.00 | OK | |||
r-release-windows-x86_64 | 0.3.1.1 | 28.00 | 167.00 | 195.00 | OK | |
r-oldrel-macos-arm64 | 0.3.1.1 | 93.00 | OK | |||
r-oldrel-macos-x86_64 | 0.3.1.1 | 152.00 | NOTE | |||
r-oldrel-windows-x86_64 | 0.3.1.1 | 31.00 | 212.00 | 243.00 | OK |
Version: 0.3.1.1
Check: package dependencies
Result: NOTE
Package suggested but not available for checking: ‘quanteda.textmodels’
Flavor: r-oldrel-macos-x86_64