Last updated on 2025-07-25 02:48:47 CEST.
Flavor | Version | Tinstall | Tcheck | Ttotal | Status | Flags |
---|---|---|---|---|---|---|
r-devel-linux-x86_64-debian-clang | 2.0.3 | 32.71 | 367.47 | 400.18 | NOTE | |
r-devel-linux-x86_64-debian-gcc | 2.0.3 | 23.23 | 234.32 | 257.55 | NOTE | |
r-devel-linux-x86_64-fedora-clang | 2.0.3 | 650.71 | OK | |||
r-devel-linux-x86_64-fedora-gcc | 2.0.3 | 603.76 | OK | |||
r-devel-windows-x86_64 | 2.0.3 | 32.00 | 277.00 | 309.00 | OK | |
r-patched-linux-x86_64 | 2.0.3 | 31.49 | 338.35 | 369.84 | OK | |
r-release-linux-x86_64 | 2.0.3 | 33.06 | 339.86 | 372.92 | OK | |
r-release-macos-arm64 | 2.0.3 | 136.00 | OK | |||
r-release-macos-x86_64 | 2.0.3 | 274.00 | OK | |||
r-release-windows-x86_64 | 2.0.3 | 31.00 | 277.00 | 308.00 | OK | |
r-oldrel-macos-arm64 | 2.0.3 | 112.00 | OK | |||
r-oldrel-macos-x86_64 | 2.0.3 | 218.00 | OK | |||
r-oldrel-windows-x86_64 | 2.0.3 | 43.00 | 370.00 | 413.00 | OK |
Version: 2.0.3
Check: CRAN incoming feasibility
Result: NOTE
Maintainer: ‘Mihai Valcu <valcu@orn.mpg.de>’
Package CITATION file contains call(s) to old-style personList() or
as.personList(). Please use c() on person objects instead.
Package CITATION file contains call(s) to old-style citEntry(). Please
use bibentry() instead.
Flavors: r-devel-linux-x86_64-debian-clang, r-devel-linux-x86_64-debian-gcc