Last updated on 2024-08-16 01:48:27 CEST.
Flavor | Version | Tinstall | Tcheck | Ttotal | Status | Flags |
---|---|---|---|---|---|---|
r-devel-linux-x86_64-debian-clang | 0.3.3 | 2.55 | 19.99 | 22.54 | NOTE | |
r-devel-linux-x86_64-debian-gcc | 0.3.3 | 1.61 | 15.89 | 17.50 | NOTE | |
r-devel-linux-x86_64-fedora-clang | 0.3.3 | 35.77 | NOTE | |||
r-devel-linux-x86_64-fedora-gcc | 0.3.3 | 33.91 | NOTE | |||
r-devel-windows-x86_64 | 0.3.3 | 9.00 | 44.00 | 53.00 | NOTE | |
r-patched-linux-x86_64 | 0.3.3 | 1.99 | 19.23 | 21.22 | NOTE | |
r-release-linux-x86_64 | 0.3.3 | 2.39 | 19.36 | 21.75 | NOTE | |
r-release-macos-arm64 | 0.3.3 | 16.00 | NOTE | |||
r-release-macos-x86_64 | 0.3.3 | 24.00 | NOTE | |||
r-release-windows-x86_64 | 0.3.3 | 11.00 | 44.00 | 55.00 | NOTE | |
r-oldrel-macos-arm64 | 0.3.3 | 16.00 | OK | |||
r-oldrel-macos-x86_64 | 0.3.3 | 22.00 | OK | |||
r-oldrel-windows-x86_64 | 0.3.3 | 10.00 | 46.00 | 56.00 | OK |
Version: 0.3.3
Check: Rd files
Result: NOTE
checkRd: (-1) user_log_dir.Rd:48: Lost braces
48 | \\env{$XDG_CACHE_HOME} if defined
| ^
Flavors: r-devel-linux-x86_64-debian-clang, r-devel-linux-x86_64-debian-gcc, r-devel-linux-x86_64-fedora-clang, r-devel-linux-x86_64-fedora-gcc, r-devel-windows-x86_64, r-patched-linux-x86_64, r-release-linux-x86_64, r-release-macos-arm64, r-release-macos-x86_64, r-release-windows-x86_64