Last updated on 2025-11-15 02:53:12 CET.
| Flavor | Version | Tinstall | Tcheck | Ttotal | Status | Flags |
|---|---|---|---|---|---|---|
| r-devel-linux-x86_64-debian-clang | 0.1.1 | 1.62 | 22.97 | 24.59 | OK | |
| r-devel-linux-x86_64-debian-gcc | 0.1.1 | 1.34 | 19.07 | 20.41 | OK | |
| r-devel-linux-x86_64-fedora-clang | 0.1.1 | 13.00 | 24.45 | 37.45 | OK | |
| r-devel-linux-x86_64-fedora-gcc | 0.1.1 | 33.32 | OK | |||
| r-devel-windows-x86_64 | 0.1.1 | 5.00 | 41.00 | 46.00 | OK | |
| r-patched-linux-x86_64 | 0.1.1 | 1.78 | 20.57 | 22.35 | OK | |
| r-release-linux-x86_64 | 0.1.1 | 1.47 | 20.93 | 22.40 | OK | |
| r-release-macos-arm64 | 0.1.1 | 1.00 | 16.00 | 17.00 | OK | |
| r-release-macos-x86_64 | 0.1.1 | 2.00 | 23.00 | 25.00 | OK | |
| r-release-windows-x86_64 | 0.1.1 | 2.00 | 39.00 | 41.00 | OK | |
| r-oldrel-macos-arm64 | 0.1.1 | 1.00 | 13.00 | 14.00 | NOTE | |
| r-oldrel-macos-x86_64 | 0.1.1 | 1.00 | 21.00 | 22.00 | NOTE | |
| r-oldrel-windows-x86_64 | 0.1.1 | 2.00 | 45.00 | 47.00 | NOTE |
Version: 0.1.1
Check: LazyData
Result: NOTE
'LazyData' is specified without a 'data' directory
Flavors: r-oldrel-macos-arm64, r-oldrel-macos-x86_64, r-oldrel-windows-x86_64