Last updated on 2025-11-11 01:50:02 CET.
| Flavor | Version | Tinstall | Tcheck | Ttotal | Status | Flags |
|---|---|---|---|---|---|---|
| r-devel-linux-x86_64-debian-clang | 1.3.2 | 441.84 | 199.66 | 641.50 | OK | |
| r-devel-linux-x86_64-debian-gcc | 1.3.2 | 383.68 | 176.75 | 560.43 | OK | |
| r-devel-linux-x86_64-fedora-clang | 1.3.2 | 840.00 | 137.62 | 977.62 | OK | |
| r-devel-linux-x86_64-fedora-gcc | 1.3.2 | 1440.00 | -109.37 | 1330.63 | OK | |
| r-devel-windows-x86_64 | 1.3.2 | 492.00 | 255.00 | 747.00 | OK | |
| r-patched-linux-x86_64 | 1.3.2 | 531.46 | 241.14 | 772.60 | OK | |
| r-release-linux-x86_64 | 1.3.2 | 502.06 | 239.20 | 741.26 | OK | |
| r-release-macos-arm64 | 1.3.2 | 166.00 | 50.00 | 216.00 | OK | |
| r-release-macos-x86_64 | 1.3.2 | 166.00 | 103.00 | 269.00 | OK | |
| r-release-windows-x86_64 | 1.3.2 | 452.00 | 243.00 | 695.00 | OK | |
| r-oldrel-macos-arm64 | 1.3.2 | 164.00 | 65.00 | 229.00 | NOTE | |
| r-oldrel-macos-x86_64 | 1.3.2 | 168.00 | 122.00 | 290.00 | NOTE | |
| r-oldrel-windows-x86_64 | 1.3.2 | 546.00 | 307.00 | 853.00 | NOTE |
Version: 1.3.2
Check: installed package size
Result: NOTE
installed size is 93.6Mb
sub-directories of 1Mb or more:
libs 92.8Mb
Flavors: r-oldrel-macos-arm64, r-oldrel-macos-x86_64, r-oldrel-windows-x86_64
Version: 1.3.2
Check: for GNU extensions in Makefiles
Result: NOTE
GNU make is a SystemRequirements.
Flavors: r-oldrel-macos-arm64, r-oldrel-macos-x86_64, r-oldrel-windows-x86_64