Last updated on 2025-02-10 02:50:02 CET.
Flavor | Version | Tinstall | Tcheck | Ttotal | Status | Flags |
---|---|---|---|---|---|---|
r-devel-linux-x86_64-debian-clang | 0.34.3 | 324.28 | 80.33 | 404.61 | NOTE | |
r-devel-linux-x86_64-debian-gcc | 0.38.8 | 335.67 | 54.21 | 389.88 | OK | |
r-devel-linux-x86_64-fedora-clang | 0.38.8 | 1084.09 | OK | |||
r-devel-linux-x86_64-fedora-gcc | 0.38.8 | 1143.51 | OK | |||
r-devel-windows-x86_64 | 0.38.8 | 360.00 | 158.00 | 518.00 | OK | |
r-patched-linux-x86_64 | 0.38.8 | 469.81 | 73.75 | 543.56 | OK | |
r-release-linux-x86_64 | 0.38.8 | 470.41 | 72.87 | 543.28 | OK | |
r-release-macos-arm64 | 0.38.8 | 170.00 | NOTE | |||
r-release-macos-x86_64 | 0.38.8 | 240.00 | NOTE | |||
r-release-windows-x86_64 | 0.38.8 | 401.00 | 150.00 | 551.00 | NOTE | |
r-oldrel-macos-arm64 | 0.34.3 | 145.00 | NOTE | |||
r-oldrel-macos-x86_64 | 0.34.3 | 171.00 | NOTE | |||
r-oldrel-windows-x86_64 | 0.38.8 | 397.00 | 171.00 | 568.00 | NOTE |
Version: 0.34.3
Check: DESCRIPTION meta-information
Result: NOTE
Missing dependency on R >= 4.1.0 because package code uses the pipe
|> or function shorthand \(...) syntax added in R 4.1.0.
File(s) using such syntax:
‘process_scene.R’ ‘ray_scene.R’
Flavor: r-devel-linux-x86_64-debian-clang
Version: 0.38.8
Check: installed package size
Result: NOTE
installed size is 32.7Mb
sub-directories of 1Mb or more:
libs 31.8Mb
Flavors: r-release-macos-arm64, r-release-macos-x86_64, r-release-windows-x86_64, r-oldrel-windows-x86_64
Version: 0.34.3
Check: installed package size
Result: NOTE
installed size is 25.6Mb
sub-directories of 1Mb or more:
libs 24.7Mb
Flavors: r-oldrel-macos-arm64, r-oldrel-macos-x86_64