Last updated on 2025-11-01 01:50:41 CET.
| Flavor | Version | Tinstall | Tcheck | Ttotal | Status | Flags | 
|---|---|---|---|---|---|---|
| r-devel-linux-x86_64-debian-clang | 0.5 | 2.97 | 26.34 | 29.31 | NOTE | |
| r-devel-linux-x86_64-debian-gcc | 0.5 | 2.00 | 20.57 | 22.57 | NOTE | |
| r-devel-linux-x86_64-fedora-clang | 0.5 | 41.58 | OK | |||
| r-devel-linux-x86_64-fedora-gcc | 0.5 | 39.62 | OK | |||
| r-devel-windows-x86_64 | 0.5 | 3.00 | 43.00 | 46.00 | OK | |
| r-patched-linux-x86_64 | 0.5 | 2.96 | 23.63 | 26.59 | OK | |
| r-release-linux-x86_64 | 0.5 | 3.00 | 23.63 | 26.63 | OK | |
| r-release-macos-arm64 | 0.5 | 1.00 | 15.00 | 16.00 | OK | |
| r-release-macos-x86_64 | 0.5 | 2.00 | 25.00 | 27.00 | OK | |
| r-release-windows-x86_64 | 0.5 | 6.00 | 46.00 | 52.00 | OK | |
| r-oldrel-macos-arm64 | 0.5 | 1.00 | 14.00 | 15.00 | OK | |
| r-oldrel-macos-x86_64 | 0.5 | 2.00 | 20.00 | 22.00 | OK | |
| r-oldrel-windows-x86_64 | 0.5 | 6.00 | 53.00 | 59.00 | OK | 
Version: 0.5
Check: CRAN incoming feasibility
Result: NOTE
  Maintainer: ‘Wojciech Rosa <w.rosa@pollub.pl>’
  
  No Authors@R field in DESCRIPTION.
  Please add one, modifying
    Authors@R: person(given = "Wojciech",
                      family = "Rosa",
                      role = c("aut", "cre"),
                      email = "w.rosa@pollub.pl")
  as necessary.
Flavors: r-devel-linux-x86_64-debian-clang, r-devel-linux-x86_64-debian-gcc