Last updated on 2025-11-12 02:53:08 CET.
| Flavor | Version | Tinstall | Tcheck | Ttotal | Status | Flags |
|---|---|---|---|---|---|---|
| r-devel-linux-x86_64-debian-clang | 1.4 | 6.82 | 39.69 | 46.51 | OK | |
| r-devel-linux-x86_64-debian-gcc | 1.4 | 4.42 | 29.30 | 33.72 | OK | |
| r-devel-linux-x86_64-fedora-clang | 1.4 | 33.00 | 43.84 | 76.84 | NOTE | |
| r-devel-linux-x86_64-fedora-gcc | 1.4 | 12.00 | 70.74 | 82.74 | NOTE | |
| r-devel-windows-x86_64 | 1.4 | 8.00 | 54.00 | 62.00 | OK | |
| r-patched-linux-x86_64 | 1.4 | 6.92 | 37.89 | 44.81 | OK | |
| r-release-linux-x86_64 | 1.4 | 5.58 | 37.93 | 43.51 | OK | |
| r-release-macos-arm64 | 1.4 | 3.00 | 34.00 | 37.00 | OK | |
| r-release-macos-x86_64 | 1.4 | 6.00 | 49.00 | 55.00 | OK | |
| r-release-windows-x86_64 | 1.4 | 8.00 | 52.00 | 60.00 | OK | |
| r-oldrel-macos-arm64 | 1.4 | 3.00 | 24.00 | 27.00 | OK | |
| r-oldrel-macos-x86_64 | 1.4 | 4.00 | 41.00 | 45.00 | OK | |
| r-oldrel-windows-x86_64 | 1.4 | 10.00 | 64.00 | 74.00 | OK |
Version: 1.4
Check: dependencies in R code
Result: NOTE
Namespace in Imports field not imported from: ‘gtools’
All declared Imports should be used.
Flavors: r-devel-linux-x86_64-fedora-clang, r-devel-linux-x86_64-fedora-gcc