Last updated on 2024-08-16 01:48:27 CEST.
Flavor | Version | Tinstall | Tcheck | Ttotal | Status | Flags |
---|---|---|---|---|---|---|
r-devel-linux-x86_64-debian-clang | 1.0.17 | 14.48 | 140.17 | 154.65 | NOTE | |
r-devel-linux-x86_64-debian-gcc | 1.0.17 | 11.47 | 98.32 | 109.79 | NOTE | |
r-devel-linux-x86_64-fedora-clang | 1.0.17 | 247.71 | NOTE | |||
r-devel-linux-x86_64-fedora-gcc | 1.0.17 | 257.05 | NOTE | |||
r-devel-windows-x86_64 | 1.0.17 | 19.00 | 148.00 | 167.00 | NOTE | |
r-patched-linux-x86_64 | 1.0.17 | 15.92 | 132.32 | 148.24 | OK | |
r-release-linux-x86_64 | 1.0.17 | 16.12 | 133.07 | 149.19 | OK | |
r-release-macos-arm64 | 1.0.17 | 66.00 | OK | |||
r-release-macos-x86_64 | 1.0.17 | 110.00 | OK | |||
r-release-windows-x86_64 | 1.0.17 | 19.00 | 152.00 | 171.00 | OK | |
r-oldrel-macos-arm64 | 1.0.17 | 70.00 | OK | |||
r-oldrel-macos-x86_64 | 1.0.17 | 211.00 | OK | |||
r-oldrel-windows-x86_64 | 1.0.17 | 22.00 | 183.00 | 205.00 | OK |
Version: 1.0.17
Check: Rd cross-references
Result: NOTE
Found the following Rd file(s) with Rd \link{} targets missing package
anchors:
as.recmap.SpatialPolygonsDataFrame.Rd: SpatialPolygonsDataFrame
dot-get_7triangles.Rd: SpatialPolygons
Please provide package anchors for all Rd \link{} targets not in the
package itself and the base packages.
Flavors: r-devel-linux-x86_64-debian-clang, r-devel-linux-x86_64-debian-gcc, r-devel-windows-x86_64
Version: 1.0.17
Check: data for non-ASCII characters
Result: NOTE
Note: found 1036 marked UTF-8 strings
Flavors: r-devel-linux-x86_64-fedora-clang, r-devel-linux-x86_64-fedora-gcc