Last updated on 2025-10-21 01:48:43 CEST.
Flavor | Version | Tinstall | Tcheck | Ttotal | Status | Flags |
---|---|---|---|---|---|---|
r-devel-linux-x86_64-debian-clang | 1.0.17-18 | 11.83 | 80.80 | 92.63 | NOTE | |
r-devel-linux-x86_64-debian-gcc | 1.0.17-18 | 8.75 | 57.54 | 66.29 | NOTE | |
r-devel-linux-x86_64-fedora-clang | 1.0.17-18 | 133.02 | NOTE | |||
r-devel-linux-x86_64-fedora-gcc | 1.0.17-18 | 144.10 | NOTE | |||
r-devel-windows-x86_64 | 1.0.17-18 | 35.00 | 225.00 | 260.00 | NOTE | |
r-patched-linux-x86_64 | 1.0.17-18 | 16.07 | 73.84 | 89.91 | NOTE | |
r-release-linux-x86_64 | 1.0.17-18 | 12.71 | 75.01 | 87.72 | NOTE | |
r-release-macos-arm64 | 1.0.17-18 | 71.00 | NOTE | |||
r-release-macos-x86_64 | 1.0.17-18 | 109.00 | NOTE | |||
r-release-windows-x86_64 | 1.0.17-18 | 35.00 | 232.00 | 267.00 | NOTE | |
r-oldrel-macos-arm64 | 1.0.17-18 | 46.00 | OK | |||
r-oldrel-macos-x86_64 | 1.0.17-18 | 75.00 | OK | |||
r-oldrel-windows-x86_64 | 1.0.17-18 | 41.00 | 277.00 | 318.00 | NOTE |
Version: 1.0.17-18
Check: compiled code
Result: NOTE
File ‘redland/libs/redland.so’:
Found non-API call to R: ‘SET_S4_OBJECT’
Compiled code should not call non-API entry points in R.
See ‘Writing portable packages’ in the ‘Writing R Extensions’ manual,
and section ‘Moving into C API compliance’ for issues with the use of
non-API entry points.
Flavors: r-devel-linux-x86_64-debian-clang, r-devel-linux-x86_64-debian-gcc, r-devel-linux-x86_64-fedora-clang, r-devel-linux-x86_64-fedora-gcc, r-patched-linux-x86_64, r-release-linux-x86_64, r-release-macos-arm64, r-release-macos-x86_64
Version: 1.0.17-18
Check: HTML version of manual
Result: NOTE
Found the following HTML validation problems:
freeQueryResults.html:50:1 (freeQueryResults.Rd:13): Warning: missing </ul> before </div>
length-SWIGArray-method.html:47:1 (length-SWIGArray-method.Rd:9): Warning: missing </ul> before </div>
roclet_output.roclet_mergeNamespace.html:61:1 (roclet_output.roclet_mergeNamespace.Rd:16): Warning: missing </ul> before </div>
setNameSpace.html:61:1 (setNameSpace.Rd:19): Warning: missing </ul> before </div>
setQueryResultsLimit.html:53:1 (setQueryResultsLimit.Rd:16): Warning: missing </ul> before </div>
sub-ExternalReference-method.html:63:1 (sub-ExternalReference-method.Rd:17): Warning: missing </ul> before </div>
subset-ExternalReference-method.html:63:1 (subset-ExternalReference-method.Rd:17): Warning: missing </ul> before </div>
Flavor: r-devel-linux-x86_64-debian-gcc
Version: 1.0.17-18
Check: compiled code
Result: NOTE
File 'redland/libs/x64/redland.dll':
Found non-API call to R: 'SET_S4_OBJECT'
Compiled code should not call non-API entry points in R.
See 'Writing portable packages' in the 'Writing R Extensions' manual,
and section 'Moving into C API compliance' for issues with the use of
non-API entry points.
Flavors: r-devel-windows-x86_64, r-release-windows-x86_64
Version: 1.0.17-18
Check: installed package size
Result: NOTE
installed size is 13.3Mb
sub-directories of 1Mb or more:
libs 12.3Mb
Flavor: r-oldrel-windows-x86_64