Last updated on 2024-08-16 01:48:27 CEST.
Flavor | Version | Tinstall | Tcheck | Ttotal | Status | Flags |
---|---|---|---|---|---|---|
r-devel-linux-x86_64-debian-clang | 2.1.0 | 42.19 | 687.86 | 730.05 | NOTE | |
r-devel-linux-x86_64-debian-gcc | 2.1.0 | 29.05 | 448.25 | 477.30 | NOTE | |
r-devel-linux-x86_64-fedora-clang | 2.1.0 | 1197.60 | NOTE | |||
r-devel-linux-x86_64-fedora-gcc | 2.1.0 | 1269.30 | NOTE | |||
r-devel-windows-x86_64 | 2.1.0 | 52.00 | 863.00 | 915.00 | NOTE | |
r-patched-linux-x86_64 | 2.1.0 | 50.09 | 685.33 | 735.42 | NOTE | |
r-release-linux-x86_64 | 2.1.0 | 39.19 | 684.63 | 723.82 | NOTE | |
r-release-macos-arm64 | 2.1.0 | 377.00 | NOTE | |||
r-release-macos-x86_64 | 2.1.0 | 543.00 | NOTE | |||
r-release-windows-x86_64 | 2.1.0 | 54.00 | 865.00 | 919.00 | NOTE | |
r-oldrel-macos-arm64 | 2.1.0 | 410.00 | NOTE | |||
r-oldrel-macos-x86_64 | 2.1.0 | 628.00 | NOTE | |||
r-oldrel-windows-x86_64 | 2.1.0 | 61.00 | 948.00 | 1009.00 | NOTE |
Version: 2.1.0
Check: C++ specification
Result: NOTE
Specified C++11: please drop specification unless essential
Flavors: r-devel-linux-x86_64-debian-clang, r-devel-linux-x86_64-debian-gcc, r-devel-linux-x86_64-fedora-clang, r-devel-linux-x86_64-fedora-gcc, r-devel-windows-x86_64, r-patched-linux-x86_64, r-release-linux-x86_64, r-release-macos-arm64, r-release-macos-x86_64, r-release-windows-x86_64, r-oldrel-macos-arm64, r-oldrel-macos-x86_64, r-oldrel-windows-x86_64
Version: 2.1.0
Check: Rd cross-references
Result: NOTE
Found the following Rd file(s) with Rd \link{} targets missing package
anchors:
gfpca_twoStep.Rd: gamm4
Please provide package anchors for all Rd \link{} targets not in the
package itself and the base packages.
Flavors: r-devel-linux-x86_64-debian-clang, r-devel-linux-x86_64-debian-gcc, r-devel-windows-x86_64