CRAN Package Check Results for Package relSim

Last updated on 2025-10-26 01:49:59 CEST.

Flavor Version Tinstall Tcheck Ttotal Status Flags
r-devel-linux-x86_64-debian-clang 1.0.0 31.74 53.50 85.24 NOTE
r-devel-linux-x86_64-debian-gcc 1.0.0 24.48 38.74 63.22 NOTE
r-devel-linux-x86_64-fedora-clang 1.0.0 70.00 73.13 143.13 OK
r-devel-linux-x86_64-fedora-gcc 1.0.0 73.00 72.32 145.32 OK
r-devel-windows-x86_64 1.0.0 41.00 96.00 137.00 OK
r-patched-linux-x86_64 1.0.0 34.86 51.04 85.90 OK
r-release-linux-x86_64 1.0.0 34.85 50.58 85.43 OK
r-release-macos-arm64 1.0.0 16.00 34.00 50.00 OK
r-release-macos-x86_64 1.0.0 18.00 50.00 68.00 OK
r-release-windows-x86_64 1.0.0 43.00 97.00 140.00 OK
r-oldrel-macos-arm64 1.0.0 15.00 26.00 41.00 OK
r-oldrel-macos-x86_64 1.0.0 15.00 42.00 57.00 OK
r-oldrel-windows-x86_64 1.0.0 51.00 114.00 165.00 OK

Check Details

Version: 1.0.0
Check: CRAN incoming feasibility
Result: NOTE Maintainer: ‘James M. Curran <j.curran@auckland.ac.nz>’ No Authors@R field in DESCRIPTION. Please add one, modifying Authors@R: person(given = c("James", "M."), family = "Curran", role = c("aut", "cre"), email = "j.curran@auckland.ac.nz") as necessary. Flavors: r-devel-linux-x86_64-debian-clang, r-devel-linux-x86_64-debian-gcc