Last updated on 2025-10-21 01:48:44 CEST.
Flavor | Version | Tinstall | Tcheck | Ttotal | Status | Flags |
---|---|---|---|---|---|---|
r-devel-linux-x86_64-debian-clang | 1.2.0 | 2.24 | 44.09 | 46.33 | OK | |
r-devel-linux-x86_64-debian-gcc | 1.2.0 | 1.86 | 36.00 | 37.86 | NOTE | |
r-devel-linux-x86_64-fedora-clang | 1.2.0 | 70.61 | OK | |||
r-devel-linux-x86_64-fedora-gcc | 1.2.0 | 84.93 | OK | |||
r-devel-windows-x86_64 | 1.2.0 | 5.00 | 65.00 | 70.00 | OK | |
r-patched-linux-x86_64 | 1.2.0 | 2.22 | 42.51 | 44.73 | OK | |
r-release-linux-x86_64 | 1.2.0 | 2.16 | 42.13 | 44.29 | OK | |
r-release-macos-arm64 | 1.2.0 | 36.00 | OK | |||
r-release-macos-x86_64 | 1.2.0 | 66.00 | OK | |||
r-release-windows-x86_64 | 1.2.0 | 6.00 | 69.00 | 75.00 | OK | |
r-oldrel-macos-arm64 | 1.2.0 | 41.00 | OK | |||
r-oldrel-macos-x86_64 | 1.2.0 | 69.00 | OK | |||
r-oldrel-windows-x86_64 | 1.2.0 | 6.00 | 75.00 | 81.00 | OK |
Version: 1.2.0
Check: HTML version of manual
Result: NOTE
Found the following HTML validation problems:
isReproducible.html:68:1 (isReproducible.Rd:24): Warning: missing </ul> before </div>
Flavor: r-devel-linux-x86_64-debian-gcc