Last updated on 2024-08-16 01:48:28 CEST.
Flavor | Version | Tinstall | Tcheck | Ttotal | Status | Flags |
---|---|---|---|---|---|---|
r-devel-linux-x86_64-debian-clang | 0.2.5 | 64.85 | 35.82 | 100.67 | OK | |
r-devel-linux-x86_64-debian-gcc | 0.2.5 | 51.83 | 27.46 | 79.29 | OK | |
r-devel-linux-x86_64-fedora-clang | 0.2.5 | 162.88 | NOTE | |||
r-devel-linux-x86_64-fedora-gcc | 0.2.5 | 208.97 | OK | |||
r-devel-windows-x86_64 | 0.2.5 | 61.00 | 87.00 | 148.00 | NOTE | |
r-patched-linux-x86_64 | 0.2.5 | 69.40 | 33.86 | 103.26 | OK | |
r-release-linux-x86_64 | 0.2.5 | 69.65 | 34.78 | 104.43 | OK | |
r-release-macos-arm64 | 0.2.5 | 79.00 | NOTE | |||
r-release-macos-x86_64 | 0.2.5 | 140.00 | NOTE | |||
r-release-windows-x86_64 | 0.2.5 | 62.00 | 89.00 | 151.00 | NOTE | |
r-oldrel-macos-arm64 | 0.2.5 | 89.00 | NOTE | |||
r-oldrel-macos-x86_64 | 0.2.5 | 137.00 | NOTE | |||
r-oldrel-windows-x86_64 | 0.2.5 | 75.00 | 96.00 | 171.00 | NOTE |
Version: 0.2.5
Check: installed package size
Result: NOTE
installed size is 5.4Mb
sub-directories of 1Mb or more:
include 2.4Mb
libs 1.2Mb
models 1.6Mb
Flavors: r-devel-linux-x86_64-fedora-clang, r-devel-windows-x86_64, r-release-macos-arm64, r-release-macos-x86_64, r-release-windows-x86_64, r-oldrel-macos-arm64, r-oldrel-macos-x86_64, r-oldrel-windows-x86_64