Last updated on 2024-08-16 01:48:28 CEST.
Flavor | Version | Tinstall | Tcheck | Ttotal | Status | Flags |
---|---|---|---|---|---|---|
r-devel-linux-x86_64-debian-clang | 2.11.0 | 6.90 | 53.66 | 60.56 | OK | |
r-devel-linux-x86_64-debian-gcc | 2.11.0 | 4.92 | 39.50 | 44.42 | OK | |
r-devel-linux-x86_64-fedora-clang | 2.11.0 | 99.36 | OK | |||
r-devel-linux-x86_64-fedora-gcc | 2.11.0 | 105.54 | OK | |||
r-devel-windows-x86_64 | 2.11.0 | 9.00 | 76.00 | 85.00 | OK | |
r-patched-linux-x86_64 | 2.11.0 | 7.24 | 51.13 | 58.37 | OK | |
r-release-linux-x86_64 | 2.11.0 | 5.46 | 52.00 | 57.46 | OK | |
r-release-macos-arm64 | 2.11.0 | 72.00 | OK | |||
r-release-macos-x86_64 | 2.11.0 | 129.00 | OK | |||
r-release-windows-x86_64 | 2.11.0 | 10.00 | 75.00 | 85.00 | OK | |
r-oldrel-macos-arm64 | 2.11.0 | 67.00 | ERROR | |||
r-oldrel-macos-x86_64 | 2.11.0 | 103.00 | ERROR | |||
r-oldrel-windows-x86_64 | 2.11.0 | 12.00 | 85.00 | 97.00 | OK |
Version: 2.11.0
Check: running R code from vignettes
Result: ERROR
Errors in running code in vignettes:
when running code in ‘rfacebookstat-authorization.Rmd’
...
...Set rfacebookstat access_token: none
...Set Facebook Marketing API Version: v20.0
> library(rfacebookstat)
> fbAuth()
When sourcing ‘rfacebookstat-authorization.R’:
Error: File /private/var/folders/k4/0jwzxmln0nb8y6rkzprptb640000gq/T/RtmpdnxPvU/file103997995d175/vignettes/.rfb_auth.rds dont find, run fbAuth in interactive mode for authorization.
Execution halted
when running code in ‘rfacebookstat-cost-data.Rmd’
...
> library(googleAnalyticsR)
> options(rfacebookstat.username = "your_facebook_username")
> fbAuth()
When sourcing ‘rfacebookstat-cost-data.R’:
Error: File /private/var/folders/k4/0jwzxmln0nb8y6rkzprptb640000gq/T/Rtmpd3Bmsq/file103f730a35193/vignettes/your_facebook_username.rfb_auth.rds dont find, run fbAuth in interactive mode for authorization.
Execution halted
when running code in ‘rfacebookstat-get-statistics.Rmd’
...
> options(rfacebookstat.access_token = "ваш токен",
+ rfacebookstat.accounts_id = "act_000000000")
> fb_data <- fbGetMarketingStat(level = "campaign",
+ fields = "campaign_name,\n impressions,\n ..." ... [TRUNCATED]
When sourcing ‘rfacebookstat-get-statistics.R’:
Error: Invalid OAuth access token - Cannot parse access token
Execution halted
‘rfacebookstat-authorization.Rmd’ using ‘UTF-8’... failed
‘rfacebookstat-cost-data.Rmd’ using ‘UTF-8’... failed
‘rfacebookstat-get-statistics.Rmd’ using ‘UTF-8’... failed
Flavor: r-oldrel-macos-arm64
Version: 2.11.0
Check: running R code from vignettes
Result: ERROR
Errors in running code in vignettes:
when running code in ‘rfacebookstat-authorization.Rmd’
...
...Set rfacebookstat access_token: none
...Set Facebook Marketing API Version: v20.0
> library(rfacebookstat)
> fbAuth()
When sourcing ‘rfacebookstat-authorization.R’:
Error: File /private/var/folders/2b/t0kwbtmn3p7brv2mvx39c9cr0000gn/T/Rtmpd3fpLh/file38073e047190/vignettes/.rfb_auth.rds dont find, run fbAuth in interactive mode for authorization.
Execution halted
when running code in ‘rfacebookstat-cost-data.Rmd’
...
> library(googleAnalyticsR)
> options(rfacebookstat.username = "your_facebook_username")
> fbAuth()
When sourcing ‘rfacebookstat-cost-data.R’:
Error: File /private/var/folders/2b/t0kwbtmn3p7brv2mvx39c9cr0000gn/T/RtmppqZI37/file39657b4173aa/vignettes/your_facebook_username.rfb_auth.rds dont find, run fbAuth in interactive mode for authorization.
Execution halted
when running code in ‘rfacebookstat-get-statistics.Rmd’
...
> options(rfacebookstat.access_token = "ваш токен",
+ rfacebookstat.accounts_id = "act_000000000")
> fb_data <- fbGetMarketingStat(level = "campaign",
+ fields = "campaign_name,\n impressions,\n ..." ... [TRUNCATED]
When sourcing ‘rfacebookstat-get-statistics.R’:
Error: Invalid OAuth access token - Cannot parse access token
Execution halted
‘rfacebookstat-authorization.Rmd’ using ‘UTF-8’... failed
‘rfacebookstat-cost-data.Rmd’ using ‘UTF-8’... failed
‘rfacebookstat-get-statistics.Rmd’ using ‘UTF-8’... failed
Flavor: r-oldrel-macos-x86_64