Last updated on 2025-11-16 01:49:28 CET.
| Flavor | Version | Tinstall | Tcheck | Ttotal | Status | Flags |
|---|---|---|---|---|---|---|
| r-devel-linux-x86_64-debian-clang | 0.2 | 5.73 | 54.16 | 59.89 | NOTE | |
| r-devel-linux-x86_64-debian-gcc | 0.2 | 4.02 | 40.08 | 44.10 | NOTE | |
| r-devel-linux-x86_64-fedora-clang | 0.2 | 15.00 | 73.70 | 88.70 | OK | |
| r-devel-linux-x86_64-fedora-gcc | 0.2 | 12.00 | 70.75 | 82.75 | OK | |
| r-devel-windows-x86_64 | 0.2 | 9.00 | 62.00 | 71.00 | OK | |
| r-patched-linux-x86_64 | 0.2 | 5.80 | 47.95 | 53.75 | OK | |
| r-release-linux-x86_64 | 0.2 | 5.34 | 48.94 | 54.28 | OK | |
| r-release-macos-arm64 | 0.2 | 3.00 | 21.00 | 24.00 | OK | |
| r-release-macos-x86_64 | 0.2 | 4.00 | 36.00 | 40.00 | OK | |
| r-release-windows-x86_64 | 0.2 | 7.00 | 63.00 | 70.00 | OK | |
| r-oldrel-macos-arm64 | 0.2 | 3.00 | 21.00 | 24.00 | OK | |
| r-oldrel-macos-x86_64 | 0.2 | 4.00 | 30.00 | 34.00 | OK | |
| r-oldrel-windows-x86_64 | 0.2 | 10.00 | 74.00 | 84.00 | OK |
Version: 0.2
Check: CRAN incoming feasibility
Result: NOTE
Maintainer: ‘Karthik Ram <karthik.ram@gmail.com>’
The Description field contains
of the 'rOpenSci' suite (http://ropensci.org).
Please enclose URLs in angle brackets (<...>).
The BugReports field in DESCRIPTION has
http://www.github.com/ropensci/rfisheries/issues/new
which should likely be
http://www.github.com/ropensci/rfisheries/issues/new/issues
instead.
Flavor: r-devel-linux-x86_64-debian-clang
Version: 0.2
Check: CRAN incoming feasibility
Result: NOTE
Maintainer: ‘Karthik Ram <karthik.ram@gmail.com>’
The Description field contains
of the 'rOpenSci' suite (http://ropensci.org).
Please enclose URLs in angle brackets (<...>).
Flavor: r-devel-linux-x86_64-debian-gcc