Last updated on 2024-08-16 01:48:28 CEST.
Flavor | Version | Tinstall | Tcheck | Ttotal | Status | Flags |
---|---|---|---|---|---|---|
r-devel-linux-x86_64-debian-clang | 0.9.1 | 4.92 | 37.48 | 42.40 | NOTE | |
r-devel-linux-x86_64-debian-gcc | 0.9.1 | 3.78 | 27.67 | 31.45 | NOTE | |
r-devel-linux-x86_64-fedora-clang | 0.9.1 | 69.99 | NOTE | |||
r-devel-linux-x86_64-fedora-gcc | 0.9.1 | 78.59 | NOTE | |||
r-devel-windows-x86_64 | 0.9.1 | 8.00 | 69.00 | 77.00 | NOTE | |
r-patched-linux-x86_64 | 0.9.1 | 10.12 | 35.81 | 45.93 | OK | |
r-release-linux-x86_64 | 0.9.1 | 3.93 | 35.48 | 39.41 | OK | |
r-release-macos-arm64 | 0.9.1 | 29.00 | OK | |||
r-release-macos-x86_64 | 0.9.1 | 42.00 | OK | |||
r-release-windows-x86_64 | 0.9.1 | 8.00 | 63.00 | 71.00 | OK | |
r-oldrel-macos-arm64 | 0.9.1 | 27.00 | OK | |||
r-oldrel-macos-x86_64 | 0.9.1 | 47.00 | OK | |||
r-oldrel-windows-x86_64 | 0.9.1 | 8.00 | 67.00 | 75.00 | OK |
Version: 0.9.1
Check: Rd cross-references
Result: NOTE
Found the following Rd file(s) with Rd \link{} targets missing package
anchors:
authorize.Rd: oauth2.0_token
Please provide package anchors for all Rd \link{} targets not in the
package itself and the base packages.
Flavors: r-devel-linux-x86_64-debian-clang, r-devel-linux-x86_64-debian-gcc, r-devel-windows-x86_64
Version: 0.9.1
Check: dependencies in R code
Result: NOTE
Namespaces in Imports field not imported from:
‘attempt’ ‘curl’ ‘knitr’
All declared Imports should be used.
Flavors: r-devel-linux-x86_64-fedora-clang, r-devel-linux-x86_64-fedora-gcc