Last updated on 2025-10-31 01:49:10 CET.
| Flavor | Version | Tinstall | Tcheck | Ttotal | Status | Flags | 
|---|---|---|---|---|---|---|
| r-devel-linux-x86_64-debian-clang | 1.0.0 | 1.65 | 18.43 | 20.08 | NOTE | |
| r-devel-linux-x86_64-debian-gcc | 1.0.0 | 1.40 | 15.18 | 16.58 | NOTE | |
| r-devel-linux-x86_64-fedora-clang | 1.0.0 | 29.22 | OK | |||
| r-devel-linux-x86_64-fedora-gcc | 1.0.0 | 28.44 | OK | |||
| r-devel-windows-x86_64 | 1.0.0 | 3.00 | 33.00 | 36.00 | OK | |
| r-patched-linux-x86_64 | 1.0.0 | 1.66 | 17.21 | 18.87 | OK | |
| r-release-linux-x86_64 | 1.0.0 | 1.58 | 17.43 | 19.01 | OK | |
| r-release-macos-arm64 | 1.0.0 | 1.00 | 13.00 | 14.00 | OK | |
| r-release-macos-x86_64 | 1.0.0 | 2.00 | 21.00 | 23.00 | OK | |
| r-release-windows-x86_64 | 1.0.0 | 2.00 | 39.00 | 41.00 | OK | |
| r-oldrel-macos-arm64 | 1.0.0 | 1.00 | 10.00 | 11.00 | NOTE | |
| r-oldrel-macos-x86_64 | 1.0.0 | 1.00 | 17.00 | 18.00 | NOTE | |
| r-oldrel-windows-x86_64 | 1.0.0 | 2.00 | 34.00 | 36.00 | NOTE | 
Version: 1.0.0
Check: CRAN incoming feasibility
Result: NOTE
  Maintainer: ‘Victhor Sartório <victhor@dme.ufrj.br>’
  
  The Description field contains
    See Neal (2017) <arXiv:1701.02434> for further details on Hamiltonian
  Please refer to arXiv e-prints via their arXiv DOI <doi:10.48550/arXiv.YYMM.NNNNN>.
Flavors: r-devel-linux-x86_64-debian-clang, r-devel-linux-x86_64-debian-gcc
Version: 1.0.0
Check: LazyData
Result: NOTE
    'LazyData' is specified without a 'data' directory
Flavors: r-oldrel-macos-arm64, r-oldrel-macos-x86_64, r-oldrel-windows-x86_64