Last updated on 2024-08-16 01:48:28 CEST.
Flavor | Version | Tinstall | Tcheck | Ttotal | Status | Flags |
---|---|---|---|---|---|---|
r-devel-linux-x86_64-debian-clang | 1.2.1 | 3.67 | 65.02 | 68.69 | WARN | |
r-devel-linux-x86_64-debian-gcc | 1.2.1 | 2.34 | 45.47 | 47.81 | WARN | |
r-devel-linux-x86_64-fedora-clang | 1.2.1 | 111.51 | WARN | |||
r-devel-linux-x86_64-fedora-gcc | 1.2.1 | 117.49 | WARN | |||
r-devel-windows-x86_64 | 1.2.1 | 5.00 | 103.00 | 108.00 | WARN | |
r-patched-linux-x86_64 | 1.2.1 | 3.22 | 61.30 | 64.52 | OK | |
r-release-linux-x86_64 | 1.2.1 | 3.37 | 62.57 | 65.94 | OK | |
r-release-macos-arm64 | 1.2.1 | 52.00 | OK | |||
r-release-macos-x86_64 | 1.2.1 | 109.00 | OK | |||
r-release-windows-x86_64 | 1.2.1 | 5.00 | 100.00 | 105.00 | OK | |
r-oldrel-macos-arm64 | 1.2.1 | 54.00 | OK | |||
r-oldrel-macos-x86_64 | 1.2.1 | 95.00 | OK | |||
r-oldrel-windows-x86_64 | 1.2.1 | 6.00 | 118.00 | 124.00 | OK |
Version: 1.2.1
Check: ‘build’ directory
Result: WARN
Source(s) listed in 'build/vignette.rds' but not in package:
‘extension.Rmd’
‘labelled.Rmd’
‘philosophy.Rmd’
‘remap.Rmd’
‘rio.Rmd’
Flavors: r-devel-linux-x86_64-debian-clang, r-devel-linux-x86_64-debian-gcc, r-devel-linux-x86_64-fedora-clang, r-devel-linux-x86_64-fedora-gcc, r-devel-windows-x86_64