Last updated on 2025-11-15 02:53:13 CET.
| Flavor | Version | Tinstall | Tcheck | Ttotal | Status | Flags |
|---|---|---|---|---|---|---|
| r-devel-linux-x86_64-debian-clang | 0.2.6 | 6.60 | 67.44 | 74.04 | NOTE | |
| r-devel-linux-x86_64-debian-gcc | 0.2.6 | 5.04 | 49.58 | 54.62 | NOTE | |
| r-devel-linux-x86_64-fedora-clang | 0.2.6 | 18.00 | 99.51 | 117.51 | NOTE | |
| r-devel-linux-x86_64-fedora-gcc | 0.2.6 | 19.00 | 93.87 | 112.87 | NOTE | |
| r-devel-windows-x86_64 | 0.2.6 | 11.00 | 81.00 | 92.00 | NOTE | |
| r-patched-linux-x86_64 | 0.2.6 | 6.16 | 65.43 | 71.59 | NOTE | |
| r-release-linux-x86_64 | 0.2.6 | 7.30 | 65.23 | 72.53 | NOTE | |
| r-release-macos-arm64 | 0.2.6 | 3.00 | 29.00 | 32.00 | NOTE | |
| r-release-macos-x86_64 | 0.2.6 | 6.00 | 55.00 | 61.00 | NOTE | |
| r-release-windows-x86_64 | 0.2.6 | 9.00 | 79.00 | 88.00 | NOTE | |
| r-oldrel-macos-arm64 | 0.2.6 | 3.00 | 27.00 | 30.00 | NOTE | |
| r-oldrel-macos-x86_64 | 0.2.6 | 5.00 | 39.00 | 44.00 | NOTE | |
| r-oldrel-windows-x86_64 | 0.2.6 | 13.00 | 98.00 | 111.00 | NOTE |
Version: 0.2.6
Check: Rd files
Result: NOTE
checkRd: (-1) riskPredict.Rd:38: Lost braces
38 | {hat{eta}_c^{(1)}} based on the prediction rule.}
| ^
checkRd: (-1) riskPredict.Rd:38: Lost braces
38 | {hat{eta}_c^{(1)}} based on the prediction rule.}
| ^
checkRd: (-1) riskPredict.Rd:38: Lost braces; missing escapes or markup?
38 | {hat{eta}_c^{(1)}} based on the prediction rule.}
| ^
checkRd: (-1) riskPredictDiff.Rd:34: Lost braces
34 | {hat{eta}_c^{(1)}-hat{eta}_c^{(2)}} based on the 2 prediction rules.}
| ^
checkRd: (-1) riskPredictDiff.Rd:34: Lost braces
34 | {hat{eta}_c^{(1)}-hat{eta}_c^{(2)}} based on the 2 prediction rules.}
| ^
checkRd: (-1) riskPredictDiff.Rd:34: Lost braces; missing escapes or markup?
34 | {hat{eta}_c^{(1)}-hat{eta}_c^{(2)}} based on the 2 prediction rules.}
| ^
checkRd: (-1) riskPredictDiff.Rd:34: Lost braces
34 | {hat{eta}_c^{(1)}-hat{eta}_c^{(2)}} based on the 2 prediction rules.}
| ^
checkRd: (-1) riskPredictDiff.Rd:34: Lost braces; missing escapes or markup?
34 | {hat{eta}_c^{(1)}-hat{eta}_c^{(2)}} based on the 2 prediction rules.}
| ^
Flavors: r-devel-linux-x86_64-debian-clang, r-devel-linux-x86_64-debian-gcc, r-devel-linux-x86_64-fedora-clang, r-devel-linux-x86_64-fedora-gcc, r-devel-windows-x86_64, r-patched-linux-x86_64, r-release-linux-x86_64, r-release-macos-arm64, r-release-macos-x86_64, r-release-windows-x86_64, r-oldrel-macos-arm64, r-oldrel-macos-x86_64, r-oldrel-windows-x86_64