Last updated on 2024-08-16 01:48:28 CEST.
Flavor | Version | Tinstall | Tcheck | Ttotal | Status | Flags |
---|---|---|---|---|---|---|
r-devel-linux-x86_64-debian-clang | 0.4.2 | 61.55 | 363.39 | 424.94 | NOTE | |
r-devel-linux-x86_64-debian-gcc | 0.4.2 | 40.21 | 241.31 | 281.52 | NOTE | |
r-devel-linux-x86_64-fedora-clang | 0.4.2 | 693.36 | OK | |||
r-devel-linux-x86_64-fedora-gcc | 0.4.2 | 667.46 | OK | |||
r-devel-windows-x86_64 | 0.4.2 | 59.00 | 306.00 | 365.00 | NOTE | |
r-patched-linux-x86_64 | 0.4.2 | 66.22 | 337.76 | 403.98 | OK | |
r-release-linux-x86_64 | 0.4.2 | 57.58 | 345.26 | 402.84 | OK | |
r-release-macos-arm64 | 0.4.2 | 174.00 | OK | |||
r-release-macos-x86_64 | 0.4.2 | 236.00 | OK | |||
r-release-windows-x86_64 | 0.4.2 | 61.00 | 306.00 | 367.00 | OK | |
r-oldrel-macos-arm64 | 0.4.2 | 175.00 | OK | |||
r-oldrel-macos-x86_64 | 0.4.2 | 284.00 | OK | |||
r-oldrel-windows-x86_64 | 0.4.2 | 81.00 | 411.00 | 492.00 | OK |
Version: 0.4.2
Check: Rd cross-references
Result: NOTE
Found the following Rd file(s) with Rd \link{} targets missing package
anchors:
aggregate_river.Rd: aggregate_OCN
covariate_river.Rd: rast, project
extract_river.Rd: get_elev_raster, taudem_threshold, create_OCN,
landscape_OCN
hydro_river.Rd: OCNet, rivergeometry_OCN
locate_site.Rd: aggregate_OCN
path_velocities_river.Rd: rivergeometry_OCN
paths_river.Rd: paths_OCN
plot.Rd: sbar, north, draw_simple_OCN, draw_elev2D_OCN,
draw_contour_OCN, draw_subcatchments_OCN, draw_thematic_OCN
river-class.Rd: create_OCN, OCNet-package
river_to_AEM.Rd: OCN_to_AEM
river_to_SSN.Rd: OCN_to_SSN
river_to_igraph.Rd: OCN_to_igraph
Please provide package anchors for all Rd \link{} targets not in the
package itself and the base packages.
Flavors: r-devel-linux-x86_64-debian-clang, r-devel-linux-x86_64-debian-gcc, r-devel-windows-x86_64