Last updated on 2024-08-16 01:48:28 CEST.
Flavor | Version | Tinstall | Tcheck | Ttotal | Status | Flags |
---|---|---|---|---|---|---|
r-devel-linux-x86_64-debian-clang | 1.3.1 | 210.09 | 32.30 | 242.39 | NOTE | |
r-devel-linux-x86_64-debian-gcc | 1.3.1 | 186.85 | 25.28 | 212.13 | NOTE | |
r-devel-linux-x86_64-fedora-clang | 1.3.1 | 391.26 | NOTE | |||
r-devel-linux-x86_64-fedora-gcc | 1.3.1 | 572.53 | NOTE | |||
r-devel-windows-x86_64 | 1.3.1 | 218.00 | 99.00 | 317.00 | NOTE | |
r-patched-linux-x86_64 | 1.3.1 | 248.43 | 30.59 | 279.02 | OK | |
r-release-linux-x86_64 | 1.3.1 | 253.36 | 30.85 | 284.21 | OK | |
r-release-macos-arm64 | 1.3.1 | 144.00 | NOTE | |||
r-release-macos-x86_64 | 1.3.1 | 162.00 | NOTE | |||
r-release-windows-x86_64 | 1.3.1 | 221.00 | 103.00 | 324.00 | NOTE | |
r-oldrel-macos-arm64 | 1.3.1 | 145.00 | NOTE | |||
r-oldrel-macos-x86_64 | 1.3.1 | 155.00 | NOTE | |||
r-oldrel-windows-x86_64 | 1.3.1 | 275.00 | 117.00 | 392.00 | NOTE |
Version: 1.3.1
Check: compiled code
Result: NOTE
File ‘rjsoncons/libs/rjsoncons.so’:
Found non-API calls to R: ‘SETLENGTH’, ‘SET_GROWABLE_BIT’,
‘SET_TRUELENGTH’
Compiled code should not call non-API entry points in R.
See ‘Writing portable packages’ in the ‘Writing R Extensions’ manual,
and section ‘Moving into C API compliance’ for issues with the use of
non-API entry points.
Flavors: r-devel-linux-x86_64-debian-clang, r-devel-linux-x86_64-debian-gcc, r-devel-linux-x86_64-fedora-clang, r-devel-linux-x86_64-fedora-gcc
Version: 1.3.1
Check: installed package size
Result: NOTE
installed size is 9.6Mb
sub-directories of 1Mb or more:
include 3.4Mb
libs 5.2Mb
Flavors: r-devel-linux-x86_64-fedora-clang, r-devel-windows-x86_64, r-release-macos-arm64, r-release-macos-x86_64, r-release-windows-x86_64, r-oldrel-macos-arm64, r-oldrel-macos-x86_64, r-oldrel-windows-x86_64
Version: 1.3.1
Check: compiled code
Result: NOTE
File 'rjsoncons/libs/x64/rjsoncons.dll':
Found non-API calls to R: 'SETLENGTH', 'SET_GROWABLE_BIT',
'SET_TRUELENGTH'
Compiled code should not call non-API entry points in R.
See 'Writing portable packages' in the 'Writing R Extensions' manual,
and section 'Moving into C API compliance' for issues with the use of
non-API entry points.
Flavor: r-devel-windows-x86_64