Last updated on 2024-07-27 01:53:21 CEST.
Flavor | Version | Tinstall | Tcheck | Ttotal | Status | Flags |
---|---|---|---|---|---|---|
r-devel-linux-x86_64-debian-clang | 1.0.1 | 141.46 | 116.99 | 258.45 | OK | |
r-devel-linux-x86_64-debian-gcc | 1.0.1 | 121.57 | 87.14 | 208.71 | OK | |
r-devel-linux-x86_64-fedora-clang | 1.0.1 | 337.18 | OK | |||
r-devel-linux-x86_64-fedora-gcc | 1.0.1 | 387.28 | OK | |||
r-devel-windows-x86_64 | 1.0.1 | 101.00 | 119.00 | 220.00 | OK | |
r-patched-linux-x86_64 | 1.0.1 | OK | ||||
r-release-linux-x86_64 | 1.0.1 | 136.05 | 110.16 | 246.21 | OK | |
r-release-macos-arm64 | 1.0.1 | 81.00 | NOTE | |||
r-release-macos-x86_64 | 1.0.1 | 249.00 | NOTE | |||
r-release-windows-x86_64 | 1.0.1 | 108.00 | 123.00 | 231.00 | OK | |
r-oldrel-macos-arm64 | 1.0.1 | 96.00 | NOTE | |||
r-oldrel-macos-x86_64 | 1.0.1 | 218.00 | NOTE | |||
r-oldrel-windows-x86_64 | 1.0.1 | 138.00 | 158.00 | 296.00 | OK |
Version: 1.0.1
Check: installed package size
Result: NOTE
installed size is 44.8Mb
sub-directories of 1Mb or more:
libs 44.2Mb
Flavors: r-release-macos-arm64, r-release-macos-x86_64, r-oldrel-macos-arm64, r-oldrel-macos-x86_64