Last updated on 2024-07-27 01:53:22 CEST.
Flavor | Version | Tinstall | Tcheck | Ttotal | Status | Flags |
---|---|---|---|---|---|---|
r-devel-linux-x86_64-debian-clang | 0.1.4 | 39.63 | 477.55 | 517.18 | OK | |
r-devel-linux-x86_64-debian-gcc | 0.1.4 | 30.68 | 352.33 | 383.01 | OK | |
r-devel-linux-x86_64-fedora-clang | 0.1.4 | 626.12 | OK | |||
r-devel-linux-x86_64-fedora-gcc | 0.1.4 | 656.54 | OK | |||
r-devel-windows-x86_64 | 0.1.4 | 35.00 | 508.00 | 543.00 | OK | |
r-patched-linux-x86_64 | 0.1.4 | OK | ||||
r-release-linux-x86_64 | 0.1.4 | 26.57 | 458.30 | 484.87 | OK | |
r-release-macos-arm64 | 0.1.4 | 186.00 | ERROR | |||
r-release-macos-x86_64 | 0.1.4 | 430.00 | OK | |||
r-release-windows-x86_64 | 0.1.4 | 32.00 | 512.00 | 544.00 | OK | |
r-oldrel-macos-arm64 | 0.1.4 | 10.00 | ERROR | |||
r-oldrel-macos-x86_64 | 0.1.4 | 16.00 | ERROR | |||
r-oldrel-windows-x86_64 | 0.1.4 | 48.00 | 640.00 | 688.00 | ERROR |
Version: 0.1.4
Check: re-building of vignette outputs
Result: ERROR
Error(s) in re-building vignettes:
...
--- re-building ‘rnaCrosslinkOO.Rmd’ using rmarkdown
File rnaCrosslinkProtocol.jpg not found in resource path
Error: processing vignette 'rnaCrosslinkOO.Rmd' failed with diagnostics:
pandoc document conversion failed with error 99
--- failed re-building ‘rnaCrosslinkOO.Rmd’
SUMMARY: processing the following file failed:
‘rnaCrosslinkOO.Rmd’
Error: Vignette re-building failed.
Execution halted
Flavor: r-release-macos-arm64
Version: 0.1.4
Check: package dependencies
Result: ERROR
Package required but not available: ‘R4RNA’
See section ‘The DESCRIPTION file’ in the ‘Writing R Extensions’
manual.
Flavors: r-oldrel-macos-arm64, r-oldrel-macos-x86_64
Version: 0.1.4
Check: re-building of vignette outputs
Result: ERROR
Error(s) in re-building vignettes:
--- re-building 'rnaCrosslinkOO.Rmd' using rmarkdown
File rnaCrosslinkProtocol.jpg not found in resource path
Error: processing vignette 'rnaCrosslinkOO.Rmd' failed with diagnostics:
pandoc document conversion failed with error 99
--- failed re-building 'rnaCrosslinkOO.Rmd'
SUMMARY: processing the following file failed:
'rnaCrosslinkOO.Rmd'
Error: Vignette re-building failed.
Execution halted
Flavor: r-oldrel-windows-x86_64